Last updated on 2025-10-22 12:50:33 CEST.
Flavor | Version | Tinstall | Tcheck | Ttotal | Status | Flags |
---|---|---|---|---|---|---|
r-devel-linux-x86_64-debian-clang | 1.2 | 10.02 | 104.90 | 114.92 | NOTE | |
r-devel-linux-x86_64-debian-gcc | 1.2 | 6.06 | 77.18 | 83.24 | NOTE | |
r-devel-linux-x86_64-fedora-clang | 1.2 | 34.00 | 149.14 | 183.14 | OK | |
r-devel-linux-x86_64-fedora-gcc | 1.2 | 22.00 | 165.71 | 187.71 | OK | |
r-devel-windows-x86_64 | 1.2 | 10.00 | 129.00 | 139.00 | OK | |
r-patched-linux-x86_64 | 1.2 | 11.47 | 100.64 | 112.11 | OK | |
r-release-linux-x86_64 | 1.2 | 9.54 | 101.47 | 111.01 | OK | |
r-release-macos-arm64 | 1.2 | 4.00 | 75.00 | 79.00 | OK | |
r-release-macos-x86_64 | 1.2 | 14.00 | 149.00 | 163.00 | OK | |
r-release-windows-x86_64 | 1.2 | 12.00 | 138.00 | 150.00 | OK | |
r-oldrel-macos-arm64 | 1.2 | 4.00 | 60.00 | 64.00 | OK | |
r-oldrel-macos-x86_64 | 1.2 | 13.00 | 148.00 | 161.00 | OK | |
r-oldrel-windows-x86_64 | 1.2 | 13.00 | 157.00 | 170.00 | OK |
Version: 1.2
Check: HTML version of manual
Result: NOTE
Found the following HTML validation problems:
templateMatching.html:159:1 (templateMatching.Rd:109): Warning: <h3> anchor "_sec_note" already defined
Flavors: r-devel-linux-x86_64-debian-clang, r-devel-linux-x86_64-debian-gcc