Last updated on 2024-06-27 00:56:09 CEST.
Flavor | Version | Tinstall | Tcheck | Ttotal | Status | Flags |
---|---|---|---|---|---|---|
r-devel-linux-x86_64-debian-clang | 0.20.4 | OK | ||||
r-devel-linux-x86_64-debian-gcc | 0.20.4 | 2.67 | 32.38 | 35.05 | OK | |
r-devel-linux-x86_64-fedora-clang | 0.20.4 | 59.80 | NOTE | |||
r-devel-linux-x86_64-fedora-gcc | 0.20.4 | 55.54 | NOTE | |||
r-devel-windows-x86_64 | 0.20.4 | 5.00 | 63.00 | 68.00 | OK | |
r-patched-linux-x86_64 | 0.20.4 | 4.95 | 41.86 | 46.81 | OK | |
r-release-linux-x86_64 | 0.20.4 | 3.19 | 42.30 | 45.49 | OK | |
r-release-macos-arm64 | 0.20.4 | 19.00 | OK | |||
r-release-macos-x86_64 | 0.20.4 | 31.00 | OK | |||
r-release-windows-x86_64 | 0.20.4 | 6.00 | 62.00 | 68.00 | OK | |
r-oldrel-macos-arm64 | 0.20.4 | 29.00 | OK | |||
r-oldrel-macos-x86_64 | 0.20.4 | 70.00 | OK | |||
r-oldrel-windows-x86_64 | 0.20.4 | 5.00 | 72.00 | 77.00 | OK |
Version: 0.20.4
Check: data for non-ASCII characters
Result: NOTE
Note: found 7 marked UTF-8 strings
Flavors: r-devel-linux-x86_64-fedora-clang, r-devel-linux-x86_64-fedora-gcc