CRAN Package Check Results for Package mrMLM.GUI

Last updated on 2025-11-24 11:50:12 CET.

Flavor Version Tinstall Tcheck Ttotal Status Flags
r-devel-linux-x86_64-debian-clang 4.0.2 34.13 127.65 161.78 NOTE
r-devel-linux-x86_64-debian-gcc 4.0.2 22.76 96.44 119.20 NOTE
r-devel-linux-x86_64-fedora-clang 4.0.2 84.00 176.41 260.41 OK
r-devel-linux-x86_64-fedora-gcc 4.0.2 70.00 173.86 243.86 OK
r-devel-windows-x86_64 4.0.2 49.00 155.00 204.00 OK
r-patched-linux-x86_64 4.0.2 35.11 125.34 160.45 OK
r-release-linux-x86_64 4.0.2 31.89 123.99 155.88 OK
r-release-macos-arm64 4.0.2 OK
r-release-macos-x86_64 4.0.2 27.00 122.00 149.00 OK
r-release-windows-x86_64 4.0.2 40.00 183.00 223.00 OK
r-oldrel-macos-arm64 4.0.2 NOTE
r-oldrel-macos-x86_64 4.0.2 29.00 93.00 122.00 NOTE
r-oldrel-windows-x86_64 4.0.2 51.00 202.00 253.00 OK

Check Details

Version: 4.0.2
Check: CRAN incoming feasibility
Result: NOTE Maintainer: ‘Yuanming Zhang<soyzhang@mail.hzau.edu.cn>’ No Authors@R field in DESCRIPTION. Please add one, modifying Authors@R: c(person(given = "Zhang", family = "Ya-Wen", role = "aut"), person(given = "Li", family = "Pei", role = "aut"), person(given = "Zhang", family = "Yuan-Ming", role = "aut"), person(given = "Yuanming", family = "Zhang", role = "cre", email = "soyzhang@mail.hzau.edu.cn")) as necessary. Flavors: r-devel-linux-x86_64-debian-clang, r-devel-linux-x86_64-debian-gcc

Version: 4.0.2
Check: installed package size
Result: NOTE installed size is 5.2Mb sub-directories of 1Mb or more: extdata 1.7Mb libs 2.3Mb Flavors: r-oldrel-macos-arm64, r-oldrel-macos-x86_64

mirror server hosted at Truenetwork, Russian Federation.