Last updated on 2025-11-24 11:50:12 CET.
| Flavor | Version | Tinstall | Tcheck | Ttotal | Status | Flags |
|---|---|---|---|---|---|---|
| r-devel-linux-x86_64-debian-clang | 1.0.17 | 76.50 | 121.52 | 198.02 | OK | |
| r-devel-linux-x86_64-debian-gcc | 1.0.17 | 52.42 | 86.24 | 138.66 | OK | |
| r-devel-linux-x86_64-fedora-clang | 1.0.17 | 128.00 | 198.69 | 326.69 | OK | |
| r-devel-linux-x86_64-fedora-gcc | 1.0.17 | 169.00 | 138.85 | 307.85 | OK | |
| r-devel-windows-x86_64 | 1.0.17 | 96.00 | 146.00 | 242.00 | OK | |
| r-patched-linux-x86_64 | 1.0.17 | 75.09 | 115.57 | 190.66 | OK | |
| r-release-linux-x86_64 | 1.0.17 | 74.11 | 115.79 | 189.90 | OK | |
| r-release-macos-arm64 | 1.0.17 | OK | ||||
| r-release-macos-x86_64 | 1.0.17 | 31.00 | 81.00 | 112.00 | OK | |
| r-release-windows-x86_64 | 1.0.17 | 89.00 | 149.00 | 238.00 | OK | |
| r-oldrel-macos-arm64 | 1.0.17 | NOTE | ||||
| r-oldrel-macos-x86_64 | 1.0.17 | 26.00 | 64.00 | 90.00 | NOTE | |
| r-oldrel-windows-x86_64 | 1.0.17 | 107.00 | 186.00 | 293.00 | OK |
Version: 1.0.17
Check: installed package size
Result: NOTE
installed size is 14.1Mb
sub-directories of 1Mb or more:
data 1.6Mb
libs 12.1Mb
Flavors: r-oldrel-macos-arm64, r-oldrel-macos-x86_64