CRAN Package Check Results for Package msamp

Last updated on 2025-07-11 18:52:23 CEST.

Flavor Version Tinstall Tcheck Ttotal Status Flags
r-devel-linux-x86_64-debian-clang 1.0.0 1.64 20.64 22.28 NOTE
r-devel-linux-x86_64-debian-gcc 1.0.0 1.33 17.55 18.88 NOTE
r-devel-linux-x86_64-fedora-clang 1.0.0 36.06 NOTE
r-devel-linux-x86_64-fedora-gcc 1.0.0 48.42 NOTE
r-devel-windows-x86_64 1.0.0 3.00 43.00 46.00 NOTE
r-patched-linux-x86_64 1.0.0 1.56 19.34 20.90 NOTE
r-release-linux-x86_64 1.0.0 1.63 19.71 21.34 NOTE
r-release-macos-arm64 1.0.0 31.00 NOTE
r-release-macos-x86_64 1.0.0 52.00 NOTE
r-release-windows-x86_64 1.0.0 3.00 42.00 45.00 NOTE
r-oldrel-macos-arm64 1.0.0 22.00 NOTE
r-oldrel-macos-x86_64 1.0.0 38.00 NOTE
r-oldrel-windows-x86_64 1.0.0 3.00 45.00 48.00 NOTE

Check Details

Version: 1.0.0
Check: Rd files
Result: NOTE checkRd: (-1) n.Rd:46: Lost braces in \itemize; \value handles \item{}{} directly checkRd: (-1) n.Rd:47-48: Lost braces in \itemize; \value handles \item{}{} directly checkRd: (-1) n.Rd:49-50: Lost braces in \itemize; \value handles \item{}{} directly Flavors: r-devel-linux-x86_64-debian-clang, r-devel-linux-x86_64-debian-gcc, r-devel-linux-x86_64-fedora-clang, r-devel-linux-x86_64-fedora-gcc, r-devel-windows-x86_64, r-patched-linux-x86_64, r-release-linux-x86_64, r-release-macos-arm64, r-release-macos-x86_64, r-release-windows-x86_64, r-oldrel-macos-arm64, r-oldrel-macos-x86_64, r-oldrel-windows-x86_64

mirror server hosted at Truenetwork, Russian Federation.