Last updated on 2025-11-24 05:50:29 CET.
| Flavor | Version | Tinstall | Tcheck | Ttotal | Status | Flags |
|---|---|---|---|---|---|---|
| r-devel-linux-x86_64-debian-clang | 1.0.1 | 15.34 | 33.37 | 48.71 | NOTE | |
| r-devel-linux-x86_64-debian-gcc | 1.0.1 | 11.41 | 28.15 | 39.56 | NOTE | |
| r-devel-linux-x86_64-fedora-clang | 1.0.1 | 31.00 | 55.84 | 86.84 | NOTE | |
| r-devel-linux-x86_64-fedora-gcc | 1.0.1 | 42.00 | 56.86 | 98.86 | NOTE | |
| r-devel-windows-x86_64 | 1.0.1 | 25.00 | 67.00 | 92.00 | NOTE | |
| r-patched-linux-x86_64 | 1.0.1 | 16.69 | 32.93 | 49.62 | NOTE | |
| r-release-linux-x86_64 | 1.0.1 | 15.56 | 32.88 | 48.44 | NOTE | |
| r-release-macos-arm64 | 1.0.1 | NOTE | ||||
| r-release-macos-x86_64 | 1.0.1 | 13.00 | 58.00 | 71.00 | NOTE | |
| r-release-windows-x86_64 | 1.0.1 | 24.00 | 68.00 | 92.00 | NOTE | |
| r-oldrel-macos-arm64 | 1.0.1 | NOTE | ||||
| r-oldrel-macos-x86_64 | 1.0.1 | 6.00 | 34.00 | 40.00 | NOTE | |
| r-oldrel-windows-x86_64 | 1.0.1 | 24.00 | 80.00 | 104.00 | NOTE |
Version: 1.0.1
Check: CRAN incoming feasibility
Result: NOTE
Maintainer: ‘Cristoforo Simonetto <Cristoforo.Simonetto@helmholtz-muenchen.de>’
No Authors@R field in DESCRIPTION.
Please add one, modifying
Authors@R: c(person(given = "Cristoforo",
family = "Simonetto",
role = c("aut", "cre"),
email = "cristoforo.simonetto@helmholtz-muenchen.de"),
person(given = c("Jan", "Christian"),
family = "Kaiser",
role = "ctb"))
as necessary.
Flavors: r-devel-linux-x86_64-debian-clang, r-devel-linux-x86_64-debian-gcc
Version: 1.0.1
Check: C++ specification
Result: NOTE
Specified C++11: please drop specification unless essential
Flavors: r-devel-linux-x86_64-debian-clang, r-devel-linux-x86_64-debian-gcc, r-devel-linux-x86_64-fedora-clang, r-devel-linux-x86_64-fedora-gcc, r-devel-windows-x86_64, r-patched-linux-x86_64, r-release-linux-x86_64, r-release-macos-arm64, r-release-macos-x86_64, r-release-windows-x86_64, r-oldrel-macos-arm64, r-oldrel-macos-x86_64, r-oldrel-windows-x86_64