CRAN Package Check Results for Package mthapower

Last updated on 2025-11-03 17:49:55 CET.

Flavor Version Tinstall Tcheck Ttotal Status Flags
r-devel-linux-x86_64-debian-clang 0.1.1 1.49 19.34 20.83 OK
r-devel-linux-x86_64-debian-gcc 0.1.1 1.43 16.59 18.02 OK
r-devel-linux-x86_64-fedora-clang 0.1.1 28.66 OK
r-devel-linux-x86_64-fedora-gcc 0.1.1 27.28 OK
r-devel-windows-x86_64 0.1.1 2.00 36.00 38.00 OK
r-patched-linux-x86_64 0.1.1 1.62 17.08 18.70 OK
r-release-linux-x86_64 0.1.1 1.62 17.22 18.84 OK
r-release-macos-arm64 0.1.1 1.00 15.00 16.00 OK
r-release-macos-x86_64 0.1.1 2.00 24.00 26.00 OK
r-release-windows-x86_64 0.1.1 3.00 35.00 38.00 OK
r-oldrel-macos-arm64 0.1.1 1.00 12.00 13.00 NOTE
r-oldrel-macos-x86_64 0.1.1 2.00 20.00 22.00 NOTE
r-oldrel-windows-x86_64 0.1.1 2.00 41.00 43.00 NOTE

Check Details

Version: 0.1.1
Check: LazyData
Result: NOTE 'LazyData' is specified without a 'data' directory Flavors: r-oldrel-macos-arm64, r-oldrel-macos-x86_64, r-oldrel-windows-x86_64

mirror server hosted at Truenetwork, Russian Federation.