Last updated on 2025-02-22 05:51:44 CET.
Flavor | Version | Tinstall | Tcheck | Ttotal | Status | Flags |
---|---|---|---|---|---|---|
r-devel-linux-x86_64-debian-clang | 1.2.2 | 13.54 | 118.39 | 131.93 | NOTE | |
r-devel-linux-x86_64-debian-gcc | 1.2.2 | 10.12 | 82.01 | 92.13 | NOTE | |
r-devel-linux-x86_64-fedora-clang | 1.2.2 | 215.47 | NOTE | |||
r-devel-linux-x86_64-fedora-gcc | 1.2.2 | 197.96 | NOTE | |||
r-devel-macos-arm64 | 1.2.2 | 73.00 | NOTE | |||
r-devel-macos-x86_64 | 1.2.2 | 162.00 | NOTE | |||
r-devel-windows-x86_64 | 1.2.2 | 14.00 | 121.00 | 135.00 | NOTE | |
r-patched-linux-x86_64 | 1.2.2 | 18.42 | 107.80 | 126.22 | NOTE | |
r-release-linux-x86_64 | 1.2.2 | 12.37 | 107.20 | 119.57 | NOTE | |
r-release-macos-arm64 | 1.2.2 | 87.00 | NOTE | |||
r-release-macos-x86_64 | 1.2.2 | 89.00 | NOTE | |||
r-release-windows-x86_64 | 1.2.2 | 15.00 | 119.00 | 134.00 | NOTE | |
r-oldrel-macos-arm64 | 1.2.2 | 59.00 | OK | |||
r-oldrel-macos-x86_64 | 1.2.2 | 96.00 | OK | |||
r-oldrel-windows-x86_64 | 1.2.2 | 18.00 | 148.00 | 166.00 | OK |
Version: 1.2.2
Check: Rd files
Result: NOTE
checkRd: (-1) PPCA.Rd:35: Lost braces
35 | Returns an object of class 'pcaRes.' See documentation in the package code{\link[pcaMethods:pcaMethods]{ pcaMethods}}
| ^
Flavors: r-devel-linux-x86_64-debian-clang, r-devel-linux-x86_64-debian-gcc, r-devel-linux-x86_64-fedora-clang, r-devel-linux-x86_64-fedora-gcc, r-devel-macos-arm64, r-devel-macos-x86_64, r-devel-windows-x86_64, r-patched-linux-x86_64, r-release-linux-x86_64, r-release-macos-arm64, r-release-macos-x86_64, r-release-windows-x86_64
Version: 1.2.2
Check: Rd cross-references
Result: NOTE
Found the following Rd file(s) with Rd \link{} targets missing package
anchors:
Loadings.Rd: pca, lda
PPCA.Rd: pca
completeData.Rd: pca
ldaPlot.Rd: lda
Please provide package anchors for all Rd \link{} targets not in the
package itself and the base packages.
Flavors: r-devel-linux-x86_64-debian-clang, r-devel-linux-x86_64-debian-gcc, r-devel-windows-x86_64