Last updated on 2025-11-24 11:50:12 CET.
| Flavor | Version | Tinstall | Tcheck | Ttotal | Status | Flags |
|---|---|---|---|---|---|---|
| r-devel-linux-x86_64-debian-clang | 0.4.3 | 20.35 | 195.87 | 216.22 | NOTE | |
| r-devel-linux-x86_64-debian-gcc | 0.4.3 | 14.59 | 138.91 | 153.50 | NOTE | |
| r-devel-linux-x86_64-fedora-clang | 0.4.3 | 47.00 | 294.72 | 341.72 | OK | |
| r-devel-linux-x86_64-fedora-gcc | 0.4.3 | 17.00 | 164.20 | 181.20 | OK | |
| r-devel-windows-x86_64 | 0.4.3 | 23.00 | 174.00 | 197.00 | OK | |
| r-patched-linux-x86_64 | 0.4.3 | 16.48 | 185.03 | 201.51 | OK | |
| r-release-linux-x86_64 | 0.4.3 | 18.16 | 184.82 | 202.98 | OK | |
| r-release-macos-arm64 | 0.4.3 | OK | ||||
| r-release-macos-x86_64 | 0.4.3 | 14.00 | 433.00 | 447.00 | OK | |
| r-release-windows-x86_64 | 0.4.3 | 19.00 | 175.00 | 194.00 | OK | |
| r-oldrel-macos-arm64 | 0.4.3 | NOTE | ||||
| r-oldrel-macos-x86_64 | 0.4.3 | 11.00 | 116.00 | 127.00 | OK | |
| r-oldrel-windows-x86_64 | 0.4.3 | 27.00 | 235.00 | 262.00 | OK |
Version: 0.4.3
Check: CRAN incoming feasibility
Result: NOTE
Maintainer: ‘Nour-al-dain Marzouka <Nour-al-dain.Marzouka@med.lu.se>’
No Authors@R field in DESCRIPTION.
Please add one, modifying
Authors@R: person(given = "Nour-al-dain",
family = "Marzouka",
role = c("aut", "cre"),
email = "nour-al-dain.marzouka@med.lu.se")
as necessary.
Flavors: r-devel-linux-x86_64-debian-clang, r-devel-linux-x86_64-debian-gcc
Version: 0.4.3
Check: package dependencies
Result: NOTE
Package suggested but not available for checking: ‘leukemiasEset’
Flavor: r-oldrel-macos-arm64