Last updated on 2024-06-30 06:55:41 CEST.
Flavor | Version | Tinstall | Tcheck | Ttotal | Status | Flags |
---|---|---|---|---|---|---|
r-devel-linux-x86_64-debian-clang | 1.5.1 | 168.89 | 85.76 | 254.65 | OK | |
r-devel-linux-x86_64-debian-gcc | 1.5.1 | 121.07 | 61.72 | 182.79 | OK | |
r-devel-linux-x86_64-fedora-clang | 1.5.1 | 323.57 | OK | |||
r-devel-linux-x86_64-fedora-gcc | 1.5.1 | 375.38 | OK | |||
r-devel-windows-x86_64 | 1.5.1 | 122.00 | 97.00 | 219.00 | OK | |
r-patched-linux-x86_64 | 1.5.1 | 116.35 | 78.72 | 195.07 | OK | |
r-release-linux-x86_64 | 1.5.1 | 149.33 | 80.56 | 229.89 | OK | |
r-release-macos-arm64 | 1.5.1 | 81.00 | NOTE | |||
r-release-macos-x86_64 | 1.5.1 | 86.00 | NOTE | |||
r-release-windows-x86_64 | 1.5.1 | 123.00 | 97.00 | 220.00 | OK | |
r-oldrel-macos-arm64 | 1.5.1 | 95.00 | NOTE | |||
r-oldrel-macos-x86_64 | 1.5.1 | 159.00 | NOTE | |||
r-oldrel-windows-x86_64 | 1.5.1 | 156.00 | 124.00 | 280.00 | OK |
Version: 1.5.1
Check: installed package size
Result: NOTE
installed size is 12.6Mb
sub-directories of 1Mb or more:
libs 11.5Mb
Flavors: r-release-macos-arm64, r-release-macos-x86_64, r-oldrel-macos-arm64, r-oldrel-macos-x86_64