Last updated on 2025-11-02 17:49:45 CET.
| Flavor | Version | Tinstall | Tcheck | Ttotal | Status | Flags |
|---|---|---|---|---|---|---|
| r-devel-linux-x86_64-debian-clang | 4.3.2 | 567.03 | 54.35 | 621.38 | OK | |
| r-devel-linux-x86_64-debian-gcc | 4.3.2 | 559.39 | 40.06 | 599.45 | OK | |
| r-devel-linux-x86_64-fedora-clang | 4.3.2 | 960.00 | 348.97 | 1308.97 | OK | |
| r-devel-linux-x86_64-fedora-gcc | 4.3.2 | 2820.00 | -1131.95 | 1688.05 | OK | |
| r-devel-windows-x86_64 | 4.3.2 | 499.00 | 125.00 | 624.00 | OK | |
| r-patched-linux-x86_64 | 4.3.2 | 763.87 | 51.94 | 815.81 | OK | |
| r-release-linux-x86_64 | 4.3.2 | 765.61 | 52.68 | 818.29 | OK | |
| r-release-macos-arm64 | 4.3.2 | 334.00 | 40.00 | 374.00 | OK | |
| r-release-macos-x86_64 | 4.3.2 | 380.00 | 146.00 | 526.00 | OK | |
| r-release-windows-x86_64 | 4.3.2 | 787.00 | 117.00 | 904.00 | OK | |
| r-oldrel-macos-arm64 | 4.3.2 | 262.00 | 39.00 | 301.00 | NOTE | |
| r-oldrel-macos-x86_64 | 4.3.2 | 379.00 | 118.00 | 497.00 | NOTE | |
| r-oldrel-windows-x86_64 | 4.3.2 | 988.00 | 157.00 | 1145.00 | OK |
Version: 4.3.2
Check: installed package size
Result: NOTE
installed size is 97.8Mb
sub-directories of 1Mb or more:
libs 97.5Mb
Flavors: r-oldrel-macos-arm64, r-oldrel-macos-x86_64