Last updated on 2024-06-26 18:58:45 CEST.
Flavor | Version | Tinstall | Tcheck | Ttotal | Status | Flags |
---|---|---|---|---|---|---|
r-devel-linux-x86_64-debian-clang | 0.7.1 | NOTE | ||||
r-devel-linux-x86_64-debian-gcc | 0.7.1 | 1661.98 | 504.79 | 2166.77 | NOTE | |
r-devel-linux-x86_64-fedora-clang | 0.7.1 | 2927.45 | NOTE | |||
r-devel-linux-x86_64-fedora-gcc | 0.7.1 | 4172.40 | NOTE | |||
r-devel-windows-x86_64 | 0.7.1 | 1378.00 | 499.00 | 1877.00 | NOTE | |
r-patched-linux-x86_64 | 0.7.1 | 1310.78 | 667.47 | 1978.25 | NOTE | |
r-release-linux-x86_64 | 0.7.1 | 1473.82 | 662.89 | 2136.71 | NOTE | |
r-release-macos-arm64 | 0.7.1 | 569.00 | NOTE | |||
r-release-macos-x86_64 | 0.7.1 | 791.00 | NOTE | |||
r-release-windows-x86_64 | 0.7.1 | 1388.00 | 508.00 | 1896.00 | NOTE | |
r-oldrel-macos-arm64 | 0.7.1 | 696.00 | NOTE | |||
r-oldrel-macos-x86_64 | 0.7.1 | 907.00 | NOTE | |||
r-oldrel-windows-x86_64 | 0.7.1 | 1857.00 | 672.00 | 2529.00 | NOTE |
Version: 0.7.1
Check: for GNU extensions in Makefiles
Result: NOTE
GNU make is a SystemRequirements.
Flavors: r-devel-linux-x86_64-debian-clang, r-devel-linux-x86_64-debian-gcc, r-devel-linux-x86_64-fedora-clang, r-devel-linux-x86_64-fedora-gcc, r-devel-windows-x86_64, r-patched-linux-x86_64, r-release-linux-x86_64, r-release-macos-arm64, r-release-macos-x86_64, r-release-windows-x86_64, r-oldrel-macos-arm64, r-oldrel-macos-x86_64, r-oldrel-windows-x86_64
Version: 0.7.1
Check: package dependencies
Result: NOTE
Imports includes 23 non-default packages.
Importing from so many packages makes the package vulnerable to any of
them becoming unavailable. Move as many as possible to Suggests and
use conditionally.
Flavor: r-devel-linux-x86_64-fedora-clang
Version: 0.7.1
Check: installed package size
Result: NOTE
installed size is 24.7Mb
sub-directories of 1Mb or more:
R 1.3Mb
doc 4.2Mb
libs 18.5Mb
Flavors: r-devel-linux-x86_64-fedora-clang, r-devel-windows-x86_64, r-release-macos-arm64, r-release-macos-x86_64, r-release-windows-x86_64, r-oldrel-macos-arm64, r-oldrel-macos-x86_64, r-oldrel-windows-x86_64