Last updated on 2025-02-22 11:51:36 CET.
Flavor | Version | Tinstall | Tcheck | Ttotal | Status | Flags |
---|---|---|---|---|---|---|
r-devel-linux-x86_64-debian-clang | 1.0.0 | 4.36 | 1.80 | 6.16 | ERROR | |
r-devel-linux-x86_64-debian-gcc | 1.0.0 | 121.95 | 84.20 | 206.15 | OK | |
r-devel-linux-x86_64-fedora-clang | 1.0.0 | 9.66 | ERROR | |||
r-devel-linux-x86_64-fedora-gcc | 1.0.0 | 459.51 | OK | |||
r-devel-macos-arm64 | 1.0.0 | 97.00 | OK | |||
r-devel-macos-x86_64 | 1.0.0 | 338.00 | OK | |||
r-devel-windows-x86_64 | 1.0.0 | 134.00 | 133.00 | 267.00 | OK | |
r-patched-linux-x86_64 | 1.0.0 | 166.02 | 113.26 | 279.28 | NOTE | |
r-release-linux-x86_64 | 1.0.0 | 151.83 | 111.48 | 263.31 | NOTE | |
r-release-macos-arm64 | 1.0.0 | 58.00 | NOTE | |||
r-release-macos-x86_64 | 1.0.0 | 103.00 | NOTE | |||
r-release-windows-x86_64 | 1.0.0 | 139.00 | 138.00 | 277.00 | NOTE | |
r-oldrel-macos-arm64 | 1.0.0 | 106.00 | NOTE | |||
r-oldrel-macos-x86_64 | 1.0.0 | 225.00 | NOTE | |||
r-oldrel-windows-x86_64 | 1.0.0 | 180.00 | 160.00 | 340.00 | NOTE |
Version: 1.0.0
Check: whether package can be installed
Result: ERROR
Installation failed.
Flavors: r-devel-linux-x86_64-debian-clang, r-devel-linux-x86_64-fedora-clang
Version: 1.0.0
Check: for GNU extensions in Makefiles
Result: NOTE
GNU make is a SystemRequirements.
Flavors: r-patched-linux-x86_64, r-release-linux-x86_64, r-release-macos-arm64, r-release-macos-x86_64, r-release-windows-x86_64, r-oldrel-macos-arm64, r-oldrel-macos-x86_64, r-oldrel-windows-x86_64
Version: 1.0.0
Check: installed package size
Result: NOTE
installed size is 42.6Mb
sub-directories of 1Mb or more:
libs 42.3Mb
Flavors: r-release-macos-arm64, r-release-macos-x86_64, r-oldrel-macos-arm64, r-oldrel-macos-x86_64