Last updated on 2025-11-24 11:50:12 CET.
| Flavor | Version | Tinstall | Tcheck | Ttotal | Status | Flags |
|---|---|---|---|---|---|---|
| r-devel-linux-x86_64-debian-clang | 1.1-11 | 4.38 | 74.11 | 78.49 | NOTE | |
| r-devel-linux-x86_64-debian-gcc | 1.1-11 | 4.02 | 56.19 | 60.21 | NOTE | |
| r-devel-linux-x86_64-fedora-clang | 1.1-11 | 11.00 | 105.94 | 116.94 | NOTE | |
| r-devel-linux-x86_64-fedora-gcc | 1.1-11 | 24.00 | 116.31 | 140.31 | NOTE | |
| r-devel-windows-x86_64 | 1.1-11 | 8.00 | 129.00 | 137.00 | OK | |
| r-patched-linux-x86_64 | 1.1-11 | 5.06 | 74.86 | 79.92 | OK | |
| r-release-linux-x86_64 | 1.1-11 | 4.93 | 76.35 | 81.28 | OK | |
| r-release-macos-arm64 | 1.1-11 | WARN | ||||
| r-release-macos-x86_64 | 1.1-11 | 9.00 | 112.00 | 121.00 | OK | |
| r-release-windows-x86_64 | 1.1-11 | 7.00 | 159.00 | 166.00 | OK | |
| r-oldrel-macos-arm64 | 1.1-11 | WARN | ||||
| r-oldrel-macos-x86_64 | 1.1-11 | 4.00 | 88.00 | 92.00 | OK | |
| r-oldrel-windows-x86_64 | 1.1-11 | 6.00 | 143.00 | 149.00 | OK |
Version: 1.1-11
Check: CRAN incoming feasibility
Result: NOTE
Maintainer: ‘Robin K. S. Hankin <hankin.robin@gmail.com>’
The BugReports field in DESCRIPTION has
https://github.com/RobinHankin/multivator
which should likely be
https://github.com/RobinHankin/multivator/issues
instead.
Flavors: r-devel-linux-x86_64-debian-clang, r-devel-linux-x86_64-debian-gcc
Version: 1.1-11
Check: HTML version of manual
Result: NOTE
Found the following HTML validation problems:
multivator.html:1809:1 (ss.Rd:8): Warning: <script> anchor "MathJax-script" already defined
Flavors: r-devel-linux-x86_64-debian-clang, r-devel-linux-x86_64-debian-gcc, r-devel-linux-x86_64-fedora-clang, r-devel-linux-x86_64-fedora-gcc
Version: 1.1-11
Check: re-building of vignette outputs
Result: WARN
Error(s) in re-building vignettes:
--- re-building ‘cias.Rnw’ using Sweave
Attaching package: ‘multivator’
The following objects are masked from ‘package:base’:
levels, rbind
--- finished re-building ‘cias.Rnw’
--- re-building ‘multivator.Rnw’ using Sweave
Attaching package: 'multivator'
The following objects are masked from 'package:base':
levels, rbind
Error: processing vignette 'multivator.Rnw' failed with diagnostics:
Running 'texi2dvi' on 'multivator.tex' failed.
LaTeX errors:
!pdfTeX error: pdflatex (file bbm10): Font bbm10 at 657 not found
==> Fatal error occurred, no output PDF file produced!
--- failed re-building 'multivator.Rnw'
SUMMARY: processing the following file failed:
‘multivator.Rnw’
Error: Vignette re-building failed.
Execution halted
Flavors: r-release-macos-arm64, r-oldrel-macos-arm64