Last updated on 2025-02-22 11:51:36 CET.
Flavor | Version | Tinstall | Tcheck | Ttotal | Status | Flags |
---|---|---|---|---|---|---|
r-devel-linux-x86_64-debian-clang | 0.2.1 | 4.52 | 46.69 | 51.21 | NOTE | |
r-devel-linux-x86_64-debian-gcc | 0.2.1 | 3.36 | 33.15 | 36.51 | NOTE | |
r-devel-linux-x86_64-fedora-clang | 0.2.1 | 87.05 | NOTE | |||
r-devel-linux-x86_64-fedora-gcc | 0.2.1 | 83.37 | NOTE | |||
r-devel-macos-arm64 | 0.2.1 | 24.00 | OK | |||
r-devel-macos-x86_64 | 0.2.1 | 43.00 | OK | |||
r-devel-windows-x86_64 | 0.2.1 | 6.00 | 66.00 | 72.00 | NOTE | |
r-patched-linux-x86_64 | 0.2.1 | 5.79 | 44.41 | 50.20 | NOTE | |
r-release-linux-x86_64 | 0.2.1 | 3.21 | 44.63 | 47.84 | NOTE | |
r-release-macos-arm64 | 0.2.1 | 27.00 | NOTE | |||
r-release-macos-x86_64 | 0.2.1 | 43.00 | NOTE | |||
r-release-windows-x86_64 | 0.2.1 | 5.00 | 67.00 | 72.00 | NOTE | |
r-oldrel-macos-arm64 | 0.2.1 | 31.00 | NOTE | |||
r-oldrel-macos-x86_64 | 0.2.1 | 44.00 | NOTE | |||
r-oldrel-windows-x86_64 | 0.2.1 | 7.00 | 76.00 | 83.00 | NOTE |
Version: 0.2.1
Check: Rd cross-references
Result: NOTE
Found the following Rd file(s) with Rd \link{} targets missing package
anchors:
abcfgwc.Rd: cdist
fgwc.Rd: cdist
fgwcuv.Rd: cdist
fpafgwc.Rd: cdist
gsafgwc.Rd: cdist
hhofgwc.Rd: cdist
ifafgwc.Rd: cdist
psofgwc.Rd: cdist
tlbofgwc.Rd: cdist
Please provide package anchors for all Rd \link{} targets not in the
package itself and the base packages.
Flavors: r-devel-linux-x86_64-debian-clang, r-devel-linux-x86_64-debian-gcc, r-devel-windows-x86_64
Version: 0.2.1
Check: dependencies in R code
Result: NOTE
Namespace in Imports field not imported from: ‘Rdpack’
All declared Imports should be used.
Flavors: r-devel-linux-x86_64-fedora-clang, r-devel-linux-x86_64-fedora-gcc
Version: 0.2.1
Check: package dependencies
Result: NOTE
Package suggested but not available for checking: ‘spatialClust’
Flavors: r-patched-linux-x86_64, r-release-linux-x86_64, r-release-macos-arm64, r-release-macos-x86_64, r-release-windows-x86_64, r-oldrel-macos-arm64, r-oldrel-macos-x86_64, r-oldrel-windows-x86_64