Last updated on 2025-05-25 18:50:00 CEST.
Flavor | Version | Tinstall | Tcheck | Ttotal | Status | Flags |
---|---|---|---|---|---|---|
r-devel-linux-x86_64-debian-clang | 0.5.1 | 3.14 | 30.53 | 33.67 | NOTE | |
r-devel-linux-x86_64-debian-gcc | 0.5.1 | 2.26 | 24.13 | 26.39 | NOTE | |
r-devel-linux-x86_64-fedora-clang | 0.5.1 | 50.65 | OK | |||
r-devel-linux-x86_64-fedora-gcc | 0.5.1 | 48.64 | OK | |||
r-devel-windows-x86_64 | 0.5.1 | 5.00 | 85.00 | 90.00 | NOTE | |
r-patched-linux-x86_64 | 0.5.1 | 3.37 | 28.58 | 31.95 | NOTE | |
r-release-linux-x86_64 | 0.5.1 | 3.06 | 28.46 | 31.52 | NOTE | |
r-release-macos-arm64 | 0.5.1 | 23.00 | OK | |||
r-release-macos-x86_64 | 0.5.1 | 37.00 | OK | |||
r-release-windows-x86_64 | 0.5.1 | 5.00 | 49.00 | 54.00 | NOTE | |
r-oldrel-macos-arm64 | 0.5.1 | 22.00 | OK | |||
r-oldrel-macos-x86_64 | 0.5.1 | 27.00 | OK | |||
r-oldrel-windows-x86_64 | 0.5.1 | 6.00 | 56.00 | 62.00 | OK |
Version: 0.5.1
Check: Rd cross-references
Result: NOTE
Found the following Rd file(s) with Rd \link{} targets missing package
anchors:
install.Rd: pak
selfupdate.Rd: pak
Please provide package anchors for all Rd \link{} targets not in the
package itself and the base packages.
Flavors: r-devel-linux-x86_64-debian-clang, r-devel-linux-x86_64-debian-gcc, r-devel-windows-x86_64, r-patched-linux-x86_64, r-release-linux-x86_64, r-release-windows-x86_64