CRAN Package Check Results for Package naturalsort

Last updated on 2025-11-24 11:50:13 CET.

Flavor Version Tinstall Tcheck Ttotal Status Flags
r-devel-linux-x86_64-debian-clang 0.1.3 1.53 25.56 27.09 NOTE
r-devel-linux-x86_64-debian-gcc 0.1.3 1.37 19.89 21.26 NOTE
r-devel-linux-x86_64-fedora-clang 0.1.3 40.65 OK
r-devel-linux-x86_64-fedora-gcc 0.1.3 38.25 OK
r-devel-windows-x86_64 0.1.3 4.00 43.00 47.00 OK
r-patched-linux-x86_64 0.1.3 1.65 23.71 25.36 OK
r-release-linux-x86_64 0.1.3 1.52 23.83 25.35 OK
r-release-macos-arm64 0.1.3 OK
r-release-macos-x86_64 0.1.3 2.00 27.00 29.00 OK
r-release-windows-x86_64 0.1.3 3.00 43.00 46.00 OK
r-oldrel-macos-arm64 0.1.3 OK
r-oldrel-macos-x86_64 0.1.3 1.00 27.00 28.00 OK
r-oldrel-windows-x86_64 0.1.3 4.00 50.00 54.00 OK

Check Details

Version: 0.1.3
Check: CRAN incoming feasibility
Result: NOTE Maintainer: ‘Kosei Abe <mail@recyclebin.jp>’ No Authors@R field in DESCRIPTION. Please add one, modifying Authors@R: person(given = "Kosei", family = "Abe", role = c("aut", "cre"), email = "mail@recyclebin.jp") as necessary. Flavors: r-devel-linux-x86_64-debian-clang, r-devel-linux-x86_64-debian-gcc

mirror server hosted at Truenetwork, Russian Federation.