CRAN Package Check Results for Package navigatr

Last updated on 2025-05-22 06:51:51 CEST.

Flavor Version Tinstall Tcheck Ttotal Status Flags
r-devel-linux-x86_64-debian-clang 0.2.1 3.31 33.16 36.47 NOTE
r-devel-linux-x86_64-debian-gcc 0.2.1 2.60 24.58 27.18 NOTE
r-devel-linux-x86_64-fedora-clang 0.2.1 54.82 NOTE
r-devel-linux-x86_64-fedora-gcc 0.2.1 51.28 NOTE
r-devel-windows-x86_64 0.2.1 5.00 69.00 74.00 NOTE
r-patched-linux-x86_64 0.2.1 3.05 30.01 33.06 NOTE
r-release-linux-x86_64 0.2.1 2.73 29.83 32.56 NOTE
r-release-macos-arm64 0.2.1 23.00 NOTE
r-release-macos-x86_64 0.2.1 46.00 OK
r-release-windows-x86_64 0.2.1 6.00 88.00 94.00 NOTE
r-oldrel-macos-arm64 0.2.1 22.00 OK
r-oldrel-macos-x86_64 0.2.1 29.00 OK
r-oldrel-windows-x86_64 0.2.1 6.00 57.00 63.00 OK

Check Details

Version: 0.2.1
Check: DESCRIPTION meta-information
Result: NOTE Missing dependency on R >= 4.1.0 because package code uses the pipe |> or function shorthand \(...) syntax added in R 4.1.0. File(s) using such syntax: ‘activate.Rd’ Flavors: r-devel-linux-x86_64-debian-clang, r-devel-linux-x86_64-debian-gcc, r-devel-linux-x86_64-fedora-clang, r-devel-linux-x86_64-fedora-gcc, r-devel-windows-x86_64, r-patched-linux-x86_64, r-release-linux-x86_64, r-release-macos-arm64, r-release-windows-x86_64

mirror server hosted at Truenetwork, Russian Federation.