Last updated on 2025-02-22 11:51:36 CET.
Flavor | Version | Tinstall | Tcheck | Ttotal | Status | Flags |
---|---|---|---|---|---|---|
r-devel-linux-x86_64-debian-clang | 0.4.1 | 2.86 | 59.71 | 62.57 | NOTE | |
r-devel-linux-x86_64-debian-gcc | 0.4.1 | 2.70 | 43.61 | 46.31 | NOTE | |
r-devel-linux-x86_64-fedora-clang | 0.4.1 | 99.43 | NOTE | |||
r-devel-linux-x86_64-fedora-gcc | 0.4.1 | 117.58 | NOTE | |||
r-devel-macos-arm64 | 0.4.1 | 36.00 | OK | |||
r-devel-macos-x86_64 | 0.4.1 | 75.00 | OK | |||
r-devel-windows-x86_64 | 0.4.1 | 7.00 | 145.00 | 152.00 | NOTE | |
r-patched-linux-x86_64 | 0.4.1 | 4.07 | 55.90 | 59.97 | OK | |
r-release-linux-x86_64 | 0.4.1 | 3.40 | 55.66 | 59.06 | OK | |
r-release-macos-arm64 | 0.4.1 | 41.00 | OK | |||
r-release-macos-x86_64 | 0.4.1 | 79.00 | OK | |||
r-release-windows-x86_64 | 0.4.1 | 8.00 | 159.00 | 167.00 | OK | |
r-oldrel-macos-x86_64 | 0.4.1 | 57.00 | OK | |||
r-oldrel-windows-x86_64 | 0.4.1 | 8.00 | 145.00 | 153.00 | OK |
Version: 0.4.1
Check: DESCRIPTION meta-information
Result: NOTE
Missing dependency on R >= 4.2.0 because package code uses the pipe
placeholder syntax added in R 4.2.0.
File(s) using such syntax:
‘utils.R’
Flavors: r-devel-linux-x86_64-debian-clang, r-devel-linux-x86_64-debian-gcc, r-devel-linux-x86_64-fedora-clang, r-devel-linux-x86_64-fedora-gcc, r-devel-windows-x86_64