Last updated on 2025-11-03 17:49:56 CET.
| Flavor | Version | Tinstall | Tcheck | Ttotal | Status | Flags |
|---|---|---|---|---|---|---|
| r-devel-linux-x86_64-debian-clang | 1.3-2 | 3.88 | 43.29 | 47.17 | NOTE | |
| r-devel-linux-x86_64-debian-gcc | 1.3-2 | 3.06 | 30.89 | 33.95 | NOTE | |
| r-devel-linux-x86_64-fedora-clang | 1.3-2 | 70.30 | NOTE | |||
| r-devel-linux-x86_64-fedora-gcc | 1.3-2 | 70.74 | NOTE | |||
| r-devel-windows-x86_64 | 1.3-2 | 6.00 | 62.00 | 68.00 | NOTE | |
| r-patched-linux-x86_64 | 1.3-2 | 4.83 | 40.74 | 45.57 | NOTE | |
| r-release-linux-x86_64 | 1.3-2 | 3.64 | 40.61 | 44.25 | NOTE | |
| r-release-macos-arm64 | 1.3-2 | 2.00 | 27.00 | 29.00 | NOTE | |
| r-release-macos-x86_64 | 1.3-2 | 4.00 | 46.00 | 50.00 | NOTE | |
| r-release-windows-x86_64 | 1.3-2 | 7.00 | 62.00 | 69.00 | NOTE | |
| r-oldrel-macos-arm64 | 1.3-2 | 3.00 | 23.00 | 26.00 | NOTE | |
| r-oldrel-macos-x86_64 | 1.3-2 | 4.00 | 38.00 | 42.00 | NOTE | |
| r-oldrel-windows-x86_64 | 1.3-2 | 5.00 | 62.00 | 67.00 | NOTE |
Version: 1.3-2
Check: package subdirectories
Result: NOTE
Problems with news in ‘NEWS.md’:
No news entries found.
Flavors: r-devel-linux-x86_64-debian-clang, r-devel-linux-x86_64-debian-gcc, r-devel-linux-x86_64-fedora-clang, r-devel-linux-x86_64-fedora-gcc, r-devel-windows-x86_64, r-patched-linux-x86_64, r-release-linux-x86_64, r-release-macos-arm64, r-release-macos-x86_64, r-release-windows-x86_64, r-oldrel-macos-arm64, r-oldrel-macos-x86_64, r-oldrel-windows-x86_64