CRAN Package Check Results for Package ncvreg

Last updated on 2025-05-28 06:51:32 CEST.

Flavor Version Tinstall Tcheck Ttotal Status Flags
r-devel-linux-x86_64-debian-clang 3.15.0 8.12 55.30 63.42 NOTE
r-devel-linux-x86_64-debian-gcc 3.15.0 5.44 40.77 46.21 NOTE
r-devel-linux-x86_64-fedora-clang 3.15.0 97.70 NOTE
r-devel-linux-x86_64-fedora-gcc 3.15.0 108.04 NOTE
r-devel-windows-x86_64 3.15.0 14.00 81.00 95.00 NOTE
r-patched-linux-x86_64 3.15.0 8.25 52.40 60.65 NOTE
r-release-linux-x86_64 3.15.0 6.64 51.60 58.24 NOTE
r-release-macos-arm64 3.15.0 37.00 NOTE
r-release-macos-x86_64 3.15.0 90.00 NOTE
r-release-windows-x86_64 3.15.0 12.00 82.00 94.00 NOTE
r-oldrel-macos-arm64 3.15.0 64.00 OK
r-oldrel-macos-x86_64 3.15.0 111.00 OK
r-oldrel-windows-x86_64 3.15.0 15.00 96.00 111.00 OK

Check Details

Version: 3.15.0
Check: DESCRIPTION meta-information
Result: NOTE Missing dependency on R >= 4.1.0 because package code uses the pipe |> or function shorthand \(...) syntax added in R 4.1.0. File(s) using such syntax: ‘assign_fold.Rd’ Flavors: r-devel-linux-x86_64-debian-clang, r-devel-linux-x86_64-debian-gcc, r-devel-linux-x86_64-fedora-clang, r-devel-linux-x86_64-fedora-gcc, r-devel-windows-x86_64, r-patched-linux-x86_64, r-release-linux-x86_64, r-release-macos-arm64, r-release-macos-x86_64, r-release-windows-x86_64

mirror server hosted at Truenetwork, Russian Federation.