CRAN Package Check Results for Package neighbr

Last updated on 2025-05-28 06:51:32 CEST.

Flavor Version Tinstall Tcheck Ttotal Status Flags
r-devel-linux-x86_64-debian-clang 1.0.3 2.04 29.83 31.87 OK
r-devel-linux-x86_64-debian-gcc 1.0.3 1.58 22.61 24.19 OK
r-devel-linux-x86_64-fedora-clang 1.0.3 53.29 OK
r-devel-linux-x86_64-fedora-gcc 1.0.3 64.13 OK
r-devel-windows-x86_64 1.0.3 3.00 51.00 54.00 OK
r-patched-linux-x86_64 1.0.3 2.12 29.61 31.73 OK
r-release-linux-x86_64 1.0.3 2.03 29.17 31.20 OK
r-release-macos-arm64 1.0.3 27.00 OK
r-release-macos-x86_64 1.0.3 52.00 OK
r-release-windows-x86_64 1.0.3 4.00 52.00 56.00 OK
r-oldrel-macos-arm64 1.0.3 24.00 NOTE
r-oldrel-macos-x86_64 1.0.3 45.00 NOTE
r-oldrel-windows-x86_64 1.0.3 3.00 57.00 60.00 NOTE

Check Details

Version: 1.0.3
Check: LazyData
Result: NOTE 'LazyData' is specified without a 'data' directory Flavors: r-oldrel-macos-arm64, r-oldrel-macos-x86_64, r-oldrel-windows-x86_64

mirror server hosted at Truenetwork, Russian Federation.