Last updated on 2025-11-03 05:50:48 CET.
| Flavor | Version | Tinstall | Tcheck | Ttotal | Status | Flags | 
|---|---|---|---|---|---|---|
| r-devel-linux-x86_64-debian-clang | 0.1.2 | 33.63 | 242.84 | 276.47 | OK | |
| r-devel-linux-x86_64-debian-gcc | 0.1.2 | 25.70 | 171.02 | 196.72 | OK | |
| r-devel-linux-x86_64-fedora-clang | 0.1.2 | 164.00 | 272.65 | 436.65 | OK | |
| r-devel-linux-x86_64-fedora-gcc | 0.1.2 | 163.00 | 285.23 | 448.23 | OK | |
| r-devel-windows-x86_64 | 0.1.2 | 29.00 | 206.00 | 235.00 | OK | |
| r-patched-linux-x86_64 | 0.1.2 | 34.16 | 234.93 | 269.09 | OK | |
| r-release-linux-x86_64 | 0.1.2 | 32.65 | 236.22 | 268.87 | OK | |
| r-release-macos-arm64 | 0.1.2 | 8.00 | 112.00 | 120.00 | OK | |
| r-release-macos-x86_64 | 0.1.2 | 22.00 | 194.00 | 216.00 | OK | |
| r-release-windows-x86_64 | 0.1.2 | 28.00 | 204.00 | 232.00 | OK | |
| r-oldrel-macos-arm64 | 0.1.2 | 9.00 | 97.00 | 106.00 | OK | |
| r-oldrel-macos-x86_64 | 0.1.2 | 22.00 | 197.00 | 219.00 | NOTE | |
| r-oldrel-windows-x86_64 | 0.1.2 | 38.00 | 270.00 | 308.00 | OK | 
Version: 0.1.2
Check: installed package size
Result: NOTE
    installed size is  5.0Mb
    sub-directories of 1Mb or more:
      data_precomputed   4.1Mb
Flavor: r-oldrel-macos-x86_64