Last updated on 2024-06-29 12:48:23 CEST.
Flavor | Version | Tinstall | Tcheck | Ttotal | Status | Flags |
---|---|---|---|---|---|---|
r-devel-linux-x86_64-debian-clang | 1.0.1 | 15.40 | 127.15 | 142.55 | OK | |
r-devel-linux-x86_64-debian-gcc | 1.0.1 | 12.32 | 91.12 | 103.44 | OK | |
r-devel-linux-x86_64-fedora-clang | 1.0.1 | 173.57 | NOTE | |||
r-devel-linux-x86_64-fedora-gcc | 1.0.1 | 179.34 | OK | |||
r-devel-windows-x86_64 | 1.0.1 | 14.00 | 100.00 | 114.00 | OK | |
r-patched-linux-x86_64 | 1.0.1 | 15.48 | 119.64 | 135.12 | OK | |
r-release-linux-x86_64 | 1.0.1 | 12.38 | 120.87 | 133.25 | OK | |
r-release-macos-arm64 | 1.0.1 | 46.00 | OK | |||
r-release-macos-x86_64 | 1.0.1 | 125.00 | OK | |||
r-release-windows-x86_64 | 1.0.1 | 14.00 | 102.00 | 116.00 | OK | |
r-oldrel-macos-arm64 | 1.0.1 | 58.00 | OK | |||
r-oldrel-macos-x86_64 | 1.0.1 | 126.00 | OK | |||
r-oldrel-windows-x86_64 | 1.0.1 | 17.00 | 122.00 | 139.00 | OK |
Version: 1.0.1
Check: Rd cross-references
Result: NOTE
Undeclared package ‘mediation’ in Rd xrefs
Flavor: r-devel-linux-x86_64-fedora-clang