CRAN Package Check Results for Package newsanchor

Last updated on 2025-05-29 00:48:27 CEST.

Flavor Version Tinstall Tcheck Ttotal Status Flags
r-devel-linux-x86_64-debian-clang 0.1.1 4.97 45.09 50.06 OK
r-devel-linux-x86_64-debian-gcc 0.1.1 3.32 33.06 36.38 OK
r-devel-linux-x86_64-fedora-clang 0.1.1 77.31 NOTE
r-devel-linux-x86_64-fedora-gcc 0.1.1 87.70 NOTE
r-devel-windows-x86_64 0.1.1 7.00 70.00 77.00 OK
r-patched-linux-x86_64 0.1.1 4.32 42.50 46.82 OK
r-release-linux-x86_64 0.1.1 3.73 42.44 46.17 OK
r-release-macos-arm64 0.1.1 46.00 OK
r-release-macos-x86_64 0.1.1 104.00 OK
r-release-windows-x86_64 0.1.1 9.00 66.00 75.00 OK
r-oldrel-macos-arm64 0.1.1 39.00 OK
r-oldrel-macos-x86_64 0.1.1 84.00 OK
r-oldrel-windows-x86_64 0.1.1 9.00 76.00 85.00 OK

Check Details

Version: 0.1.1
Check: dependencies in R code
Result: NOTE Namespaces in Imports field not imported from: ‘devtools’ ‘xml2’ All declared Imports should be used. Flavors: r-devel-linux-x86_64-fedora-clang, r-devel-linux-x86_64-fedora-gcc

mirror server hosted at Truenetwork, Russian Federation.