Last updated on 2025-05-23 18:50:34 CEST.
Flavor | Version | Tinstall | Tcheck | Ttotal | Status | Flags |
---|---|---|---|---|---|---|
r-devel-linux-x86_64-debian-clang | 3.0.4 | 294.03 | 437.66 | 731.69 | OK | |
r-devel-linux-x86_64-debian-gcc | 3.0.4 | 212.76 | 293.71 | 506.47 | OK | |
r-devel-linux-x86_64-fedora-clang | 3.0.4 | 1346.23 | OK | |||
r-devel-linux-x86_64-fedora-gcc | 3.0.4 | 1216.81 | OK | |||
r-devel-windows-x86_64 | 3.0.4 | 343.00 | 595.00 | 938.00 | OK | |
r-patched-linux-x86_64 | 3.0.4 | 303.57 | 418.19 | 721.76 | OK | |
r-release-linux-x86_64 | 3.0.4 | 294.29 | 414.97 | 709.26 | OK | |
r-release-macos-arm64 | 3.0.4 | 312.00 | OK | |||
r-release-macos-x86_64 | 3.0.4 | 639.00 | OK | |||
r-release-windows-x86_64 | 3.0.4 | 355.00 | 660.00 | 1015.00 | OK | |
r-oldrel-macos-arm64 | 3.0.4 | 261.00 | NOTE | |||
r-oldrel-macos-x86_64 | 3.0.4 | 489.00 | NOTE | |||
r-oldrel-windows-x86_64 | 3.0.4 | 406.00 | 701.00 | 1107.00 | OK |
Version: 3.0.4
Check: installed package size
Result: NOTE
installed size is 20.9Mb
sub-directories of 1Mb or more:
libs 19.3Mb
Flavors: r-oldrel-macos-arm64, r-oldrel-macos-x86_64