CRAN Package Check Results for Package noah

Last updated on 2025-11-03 17:49:56 CET.

Flavor Version Tinstall Tcheck Ttotal Status Flags
r-devel-linux-x86_64-debian-clang 0.1.0 2.87 45.08 47.95 OK
r-devel-linux-x86_64-debian-gcc 0.1.0 2.39 35.13 37.52 OK
r-devel-linux-x86_64-fedora-clang 0.1.0 70.43 NOTE
r-devel-linux-x86_64-fedora-gcc 0.1.0 69.26 NOTE
r-devel-windows-x86_64 0.1.0 5.00 66.00 71.00 OK
r-patched-linux-x86_64 0.1.0 3.20 41.88 45.08 OK
r-release-linux-x86_64 0.1.0 3.05 41.02 44.07 OK
r-release-macos-arm64 0.1.0 2.00 26.00 28.00 OK
r-release-macos-x86_64 0.1.0 3.00 41.00 44.00 OK
r-release-windows-x86_64 0.1.0 5.00 65.00 70.00 OK
r-oldrel-macos-arm64 0.1.0 2.00 26.00 28.00 NOTE
r-oldrel-macos-x86_64 0.1.0 2.00 35.00 37.00 NOTE
r-oldrel-windows-x86_64 0.1.0 7.00 76.00 83.00 NOTE

Check Details

Version: 0.1.0
Check: dependencies in R code
Result: NOTE Namespaces in Imports field not imported from: ‘R6’ ‘crayon’ ‘digest’ ‘hash’ All declared Imports should be used. Flavors: r-devel-linux-x86_64-fedora-clang, r-devel-linux-x86_64-fedora-gcc

Version: 0.1.0
Check: LazyData
Result: NOTE 'LazyData' is specified without a 'data' directory Flavors: r-oldrel-macos-arm64, r-oldrel-macos-x86_64, r-oldrel-windows-x86_64

mirror server hosted at Truenetwork, Russian Federation.