CRAN Package Check Results for Package nolock

Last updated on 2025-05-17 18:49:42 CEST.

Flavor Version Tinstall Tcheck Ttotal Status Flags
r-devel-linux-x86_64-debian-clang 1.1.0 2.65 23.85 26.50 NOTE
r-devel-linux-x86_64-debian-gcc 1.1.0 1.97 19.11 21.08 NOTE
r-devel-linux-x86_64-fedora-clang 1.1.0 42.16 NOTE
r-devel-linux-x86_64-fedora-gcc 1.1.0 54.79 NOTE
r-devel-windows-x86_64 1.1.0 4.00 47.00 51.00 NOTE
r-patched-linux-x86_64 1.1.0 2.78 23.16 25.94 NOTE
r-release-linux-x86_64 1.1.0 2.35 22.94 25.29 NOTE
r-release-macos-arm64 1.1.0 26.00 NOTE
r-release-macos-x86_64 1.1.0 61.00 NOTE
r-release-windows-x86_64 1.1.0 4.00 47.00 51.00 NOTE
r-oldrel-macos-arm64 1.1.0 22.00 OK
r-oldrel-macos-x86_64 1.1.0 33.00 OK
r-oldrel-windows-x86_64 1.1.0 5.00 52.00 57.00 OK

Check Details

Version: 1.1.0
Check: DESCRIPTION meta-information
Result: NOTE Missing dependency on R >= 4.1.0 because package code uses the pipe |> or function shorthand \(...) syntax added in R 4.1.0. File(s) using such syntax: ‘libr_called.R’ ‘libr_unused.R’ ‘libr_used.R’ Flavors: r-devel-linux-x86_64-debian-clang, r-devel-linux-x86_64-debian-gcc, r-devel-linux-x86_64-fedora-clang, r-devel-linux-x86_64-fedora-gcc, r-devel-windows-x86_64, r-patched-linux-x86_64, r-release-linux-x86_64, r-release-macos-arm64, r-release-macos-x86_64, r-release-windows-x86_64

mirror server hosted at Truenetwork, Russian Federation.