CRAN Package Check Results for Package nomogramFormula

Last updated on 2025-11-24 11:50:13 CET.

Flavor Version Tinstall Tcheck Ttotal Status Flags
r-devel-linux-x86_64-debian-clang 1.2.0.0 2.29 30.30 32.59 NOTE
r-devel-linux-x86_64-debian-gcc 1.2.0.0 1.72 23.37 25.09 NOTE
r-devel-linux-x86_64-fedora-clang 1.2.0.0 49.16 OK
r-devel-linux-x86_64-fedora-gcc 1.2.0.0 45.21 OK
r-devel-windows-x86_64 1.2.0.0 5.00 49.00 54.00 OK
r-patched-linux-x86_64 1.2.0.0 2.37 27.57 29.94 OK
r-release-linux-x86_64 1.2.0.0 2.21 27.31 29.52 OK
r-release-macos-arm64 1.2.0.0 OK
r-release-macos-x86_64 1.2.0.0 2.00 29.00 31.00 OK
r-release-windows-x86_64 1.2.0.0 5.00 51.00 56.00 OK
r-oldrel-macos-arm64 1.2.0.0 NOTE
r-oldrel-macos-x86_64 1.2.0.0 2.00 22.00 24.00 NOTE
r-oldrel-windows-x86_64 1.2.0.0 6.00 55.00 61.00 NOTE

Check Details

Version: 1.2.0.0
Check: CRAN incoming feasibility
Result: NOTE Maintainer: ‘Jing Zhang<zj391120@163.com>’ No Authors@R field in DESCRIPTION. Please add one, modifying Authors@R: c(person(given = "Jing", family = "Zhang", role = c("aut", "cre"), email = "zj391120@163.com"), person(given = "Zhi", family = "Jin", role = "aut")) as necessary. Flavors: r-devel-linux-x86_64-debian-clang, r-devel-linux-x86_64-debian-gcc

Version: 1.2.0.0
Check: LazyData
Result: NOTE 'LazyData' is specified without a 'data' directory Flavors: r-oldrel-macos-arm64, r-oldrel-macos-x86_64, r-oldrel-windows-x86_64

mirror server hosted at Truenetwork, Russian Federation.