CRAN Package Check Results for Package notifyme

Last updated on 2025-05-21 06:49:42 CEST.

Flavor Version Tinstall Tcheck Ttotal Status Flags
r-devel-linux-x86_64-debian-clang 0.3.0 1.76 18.01 19.77 OK
r-devel-linux-x86_64-debian-gcc 0.3.0 1.39 14.88 16.27 OK
r-devel-linux-x86_64-fedora-clang 0.3.0 30.94 OK
r-devel-linux-x86_64-fedora-gcc 0.3.0 29.92 OK
r-devel-windows-x86_64 0.3.0 4.00 55.00 59.00 OK
r-patched-linux-x86_64 0.3.0 2.01 17.26 19.27 OK
r-release-linux-x86_64 0.3.0 1.71 17.45 19.16 OK
r-release-macos-arm64 0.3.0 15.00 OK
r-release-macos-x86_64 0.3.0 23.00 OK
r-release-windows-x86_64 0.3.0 4.00 64.00 68.00 OK
r-oldrel-macos-arm64 0.3.0 15.00 NOTE
r-oldrel-macos-x86_64 0.3.0 19.00 NOTE
r-oldrel-windows-x86_64 0.3.0 4.00 43.00 47.00 NOTE

Check Details

Version: 0.3.0
Check: LazyData
Result: NOTE 'LazyData' is specified without a 'data' directory Flavors: r-oldrel-macos-arm64, r-oldrel-macos-x86_64, r-oldrel-windows-x86_64

mirror server hosted at Truenetwork, Russian Federation.