Last updated on 2025-02-22 05:51:45 CET.
Flavor | Version | Tinstall | Tcheck | Ttotal | Status | Flags |
---|---|---|---|---|---|---|
r-devel-linux-x86_64-debian-clang | 0.1-8 | 3.82 | 44.74 | 48.56 | OK | |
r-devel-linux-x86_64-debian-gcc | 0.1-8 | 2.44 | 34.73 | 37.17 | OK | |
r-devel-linux-x86_64-fedora-clang | 0.1-8 | 82.07 | OK | |||
r-devel-linux-x86_64-fedora-gcc | 0.1-8 | 93.43 | OK | |||
r-devel-macos-arm64 | 0.1-7 | 34.00 | NOTE | |||
r-devel-macos-x86_64 | 0.1-8 | 107.00 | OK | |||
r-release-macos-arm64 | 0.1-7 | 49.00 | NOTE | |||
r-release-macos-x86_64 | 0.1-8 | 126.00 | OK | |||
r-release-windows-x86_64 | 0.1-8 | 6.00 | 95.00 | 101.00 | OK | |
r-oldrel-macos-arm64 | 0.1-7 | 53.00 | OK | |||
r-oldrel-macos-x86_64 | 0.1-8 | 145.00 | OK | |||
r-oldrel-windows-x86_64 | 0.1-8 | 12.00 | 79.00 | 91.00 | OK |
Version: 0.1-7
Check: Rd files
Result: NOTE
checkRd: (-1) nplr.Rd:48-51: Lost braces in \itemize; meant \describe ?
checkRd: (-1) nplr.Rd:52-55: Lost braces in \itemize; meant \describe ?
checkRd: (-1) nplr.Rd:56-59: Lost braces in \itemize; meant \describe ?
checkRd: (-1) nplr.Rd:70: Lost braces in \itemize; meant \describe ?
checkRd: (-1) nplr.Rd:71: Lost braces in \itemize; meant \describe ?
checkRd: (-1) nplr.Rd:72: Lost braces in \itemize; meant \describe ?
checkRd: (-1) nplr.Rd:73: Lost braces in \itemize; meant \describe ?
checkRd: (-1) nplr.Rd:74: Lost braces in \itemize; meant \describe ?
checkRd: (-1) nplr.Rd:75: Lost braces in \itemize; meant \describe ?
checkRd: (-1) nplr.Rd:76: Lost braces in \itemize; meant \describe ?
checkRd: (-1) nplr.Rd:77: Lost braces in \itemize; meant \describe ?
checkRd: (-1) nplr.Rd:78: Lost braces in \itemize; meant \describe ?
checkRd: (-1) nplr.Rd:79: Lost braces in \itemize; meant \describe ?
checkRd: (-1) nplr.Rd:80: Lost braces in \itemize; meant \describe ?
checkRd: (-1) nplr.Rd:81: Lost braces in \itemize; meant \describe ?
checkRd: (-1) nplr.Rd:82: Lost braces in \itemize; meant \describe ?
Flavors: r-devel-macos-arm64, r-release-macos-arm64