CRAN Package Check Results for Package npordtests

Last updated on 2025-07-13 00:48:33 CEST.

Flavor Version Tinstall Tcheck Ttotal Status Flags
r-devel-linux-x86_64-debian-clang 1.2 3.02 45.20 48.22 NOTE
r-devel-linux-x86_64-debian-gcc 1.2 2.34 29.96 32.30 NOTE
r-devel-linux-x86_64-fedora-clang 1.2 81.05 OK
r-devel-linux-x86_64-fedora-gcc 1.2 73.75 OK
r-devel-windows-x86_64 1.2 4.00 61.00 65.00 OK
r-patched-linux-x86_64 1.2 3.60 40.66 44.26 OK
r-release-linux-x86_64 1.2 2.76 40.80 43.56 OK
r-release-macos-arm64 1.2 26.00 OK
r-release-macos-x86_64 1.2 48.00 OK
r-release-windows-x86_64 1.2 5.00 66.00 71.00 OK
r-oldrel-macos-arm64 1.2 21.00 OK
r-oldrel-macos-x86_64 1.2 32.00 OK
r-oldrel-windows-x86_64 1.2 4.00 70.00 74.00 OK

Check Details

Version: 1.2
Check: CRAN incoming feasibility
Result: NOTE Maintainer: ‘Bulent Altunkaynak <bulenta@gazi.edu.tr>’ No Authors@R field in DESCRIPTION. Please add one, modifying Authors@R: c(person(given = "Bulent", family = "Altunkaynak", role = c("aut", "cre"), email = "bulenta@gazi.edu.tr"), person(given = "Hamza", family = "Gamgam", role = "aut")) as necessary. Flavors: r-devel-linux-x86_64-debian-clang, r-devel-linux-x86_64-debian-gcc

mirror server hosted at Truenetwork, Russian Federation.