Last updated on 2025-11-24 11:50:13 CET.
| Flavor | Version | Tinstall | Tcheck | Ttotal | Status | Flags |
|---|---|---|---|---|---|---|
| r-devel-linux-x86_64-debian-clang | 1.1 | 1.92 | 25.36 | 27.28 | NOTE | |
| r-devel-linux-x86_64-debian-gcc | 1.1 | 1.70 | 20.16 | 21.86 | NOTE | |
| r-devel-linux-x86_64-fedora-clang | 1.1 | 39.69 | OK | |||
| r-devel-linux-x86_64-fedora-gcc | 1.1 | 37.23 | OK | |||
| r-devel-windows-x86_64 | 1.1 | 4.00 | 48.00 | 52.00 | OK | |
| r-patched-linux-x86_64 | 1.1 | 2.04 | 23.88 | 25.92 | OK | |
| r-release-linux-x86_64 | 1.1 | 1.78 | 23.46 | 25.24 | OK | |
| r-release-macos-arm64 | 1.1 | OK | ||||
| r-release-macos-x86_64 | 1.1 | 2.00 | 27.00 | 29.00 | OK | |
| r-release-windows-x86_64 | 1.1 | 4.00 | 52.00 | 56.00 | OK | |
| r-oldrel-macos-arm64 | 1.1 | OK | ||||
| r-oldrel-macos-x86_64 | 1.1 | 2.00 | 28.00 | 30.00 | OK | |
| r-oldrel-windows-x86_64 | 1.1 | 4.00 | 50.00 | 54.00 | OK |
Version: 1.1
Check: CRAN incoming feasibility
Result: NOTE
Maintainer: ‘Ming-Chang (Alan) Lee <alan9956@ydu.edu.tw>’
No Authors@R field in DESCRIPTION.
Please add one, modifying
Authors@R: c(person(given = "Ching-Shih",
family = "Tsou",
role = "aut",
email = "cstsou@mail.ntcb.edu.tw",
comment = "Vince"),
person(given = "Ming-Chang",
family = "Lee",
role = "cre",
email = "alan9956@ydu.edu.tw",
comment = "Alan"))
as necessary.
Flavors: r-devel-linux-x86_64-debian-clang, r-devel-linux-x86_64-debian-gcc