Last updated on 2024-06-26 18:58:46 CEST.
Flavor | Version | Tinstall | Tcheck | Ttotal | Status | Flags |
---|---|---|---|---|---|---|
r-devel-linux-x86_64-debian-clang | 0.4.0 | OK | ||||
r-devel-linux-x86_64-debian-gcc | 0.4.0 | 10.06 | 50.92 | 60.98 | OK | |
r-devel-linux-x86_64-fedora-clang | 0.4.0 | 98.84 | NOTE | |||
r-devel-linux-x86_64-fedora-gcc | 0.4.0 | 109.97 | NOTE | |||
r-devel-windows-x86_64 | 0.4.0 | 11.00 | 71.00 | 82.00 | OK | |
r-patched-linux-x86_64 | 0.4.0 | 10.81 | 64.36 | 75.17 | OK | |
r-release-linux-x86_64 | 0.4.0 | 10.76 | 62.63 | 73.39 | OK | |
r-release-macos-arm64 | 0.4.0 | 37.00 | OK | |||
r-release-macos-x86_64 | 0.4.0 | 58.00 | OK | |||
r-release-windows-x86_64 | 0.4.0 | 11.00 | 72.00 | 83.00 | OK | |
r-oldrel-macos-arm64 | 0.4.0 | 41.00 | NOTE | |||
r-oldrel-macos-x86_64 | 0.4.0 | 58.00 | OK | |||
r-oldrel-windows-x86_64 | 0.4.0 | 10.00 | 80.00 | 90.00 | OK |
Version: 0.4.0
Check: data for non-ASCII characters
Result: NOTE
Note: found 6409 marked UTF-8 strings
Flavors: r-devel-linux-x86_64-fedora-clang, r-devel-linux-x86_64-fedora-gcc
Version: 0.4.0
Check: installed package size
Result: NOTE
installed size is 5.3Mb
sub-directories of 1Mb or more:
data 5.0Mb
Flavor: r-oldrel-macos-arm64