Last updated on 2024-06-30 00:59:20 CEST.
Flavor | Version | Tinstall | Tcheck | Ttotal | Status | Flags |
---|---|---|---|---|---|---|
r-devel-linux-x86_64-debian-clang | 0.1.1 | 3.31 | 216.43 | 219.74 | NOTE | |
r-devel-linux-x86_64-debian-gcc | 0.1.1 | 3.09 | 146.62 | 149.71 | NOTE | |
r-devel-linux-x86_64-fedora-clang | 0.1.1 | 261.87 | NOTE | |||
r-devel-linux-x86_64-fedora-gcc | 0.1.1 | 260.88 | NOTE | |||
r-devel-windows-x86_64 | 0.1.1 | 4.00 | 153.00 | 157.00 | NOTE | |
r-patched-linux-x86_64 | 0.1.1 | 4.05 | 202.52 | 206.57 | NOTE | |
r-release-linux-x86_64 | 0.1.1 | 4.40 | 200.12 | 204.52 | NOTE | |
r-release-macos-arm64 | 0.1.1 | 61.00 | NOTE | |||
r-release-macos-x86_64 | 0.1.1 | 104.00 | NOTE | |||
r-release-windows-x86_64 | 0.1.1 | 4.00 | 153.00 | 157.00 | NOTE | |
r-oldrel-macos-arm64 | 0.1.1 | 64.00 | OK | |||
r-oldrel-macos-x86_64 | 0.1.1 | 119.00 | OK | |||
r-oldrel-windows-x86_64 | 0.1.1 | 4.00 | 190.00 | 194.00 | OK |
Version: 0.1.1
Check: Rd files
Result: NOTE
checkRd: (-1) onlineCPD.Rd:35: Lost braces
35 | function(x, lambda){const_hazard(x, lambda=100)}
| ^
Flavors: r-devel-linux-x86_64-debian-clang, r-devel-linux-x86_64-debian-gcc, r-devel-linux-x86_64-fedora-clang, r-devel-linux-x86_64-fedora-gcc, r-devel-windows-x86_64, r-patched-linux-x86_64, r-release-linux-x86_64, r-release-macos-arm64, r-release-macos-x86_64, r-release-windows-x86_64