CRAN Package Check Results for Package odds.n.ends

Last updated on 2025-11-24 05:50:30 CET.

Flavor Version Tinstall Tcheck Ttotal Status Flags
r-devel-linux-x86_64-debian-clang 0.1.4 1.53 21.98 23.51 OK
r-devel-linux-x86_64-debian-gcc 0.1.4 1.39 18.19 19.58 OK
r-devel-linux-x86_64-fedora-clang 0.1.4 36.53 NOTE
r-devel-linux-x86_64-fedora-gcc 0.1.4 51.47 NOTE
r-devel-windows-x86_64 0.1.4 3.00 41.00 44.00 OK
r-patched-linux-x86_64 0.1.4 1.78 20.88 22.66 OK
r-release-linux-x86_64 0.1.4 1.33 20.94 22.27 OK
r-release-macos-arm64 0.1.4 OK
r-release-macos-x86_64 0.1.4 1.00 39.00 40.00 OK
r-release-windows-x86_64 0.1.4 2.00 47.00 49.00 OK
r-oldrel-macos-arm64 0.1.4 OK
r-oldrel-macos-x86_64 0.1.4 1.00 31.00 32.00 OK
r-oldrel-windows-x86_64 0.1.4 3.00 48.00 51.00 OK

Check Details

Version: 0.1.4
Check: dependencies in R code
Result: NOTE Namespace in Imports field not imported from: ‘MASS’ All declared Imports should be used. Flavors: r-devel-linux-x86_64-fedora-clang, r-devel-linux-x86_64-fedora-gcc

mirror server hosted at Truenetwork, Russian Federation.