Last updated on 2025-02-22 11:51:36 CET.
Flavor | Version | Tinstall | Tcheck | Ttotal | Status | Flags |
---|---|---|---|---|---|---|
r-devel-linux-x86_64-debian-clang | 0.7.1 | 101.46 | 123.15 | 224.61 | OK | |
r-devel-linux-x86_64-debian-gcc | 0.7.1 | 74.80 | 87.98 | 162.78 | OK | |
r-devel-linux-x86_64-fedora-clang | 0.7.1 | 407.68 | OK | |||
r-devel-linux-x86_64-fedora-gcc | 0.7.1 | 376.32 | OK | |||
r-devel-macos-arm64 | 0.7.1 | 108.00 | OK | |||
r-devel-macos-x86_64 | 0.7.1 | 147.00 | OK | |||
r-devel-windows-x86_64 | 0.7.1 | 110.00 | 184.00 | 294.00 | OK | |
r-patched-linux-x86_64 | 0.7.1 | 103.67 | 112.33 | 216.00 | OK | |
r-release-linux-x86_64 | 0.7.1 | 94.42 | 113.43 | 207.85 | OK | |
r-release-macos-arm64 | 0.7.1 | 104.00 | NOTE | |||
r-release-macos-x86_64 | 0.7.1 | 117.00 | NOTE | |||
r-release-windows-x86_64 | 0.7.1 | 107.00 | 178.00 | 285.00 | OK | |
r-oldrel-macos-arm64 | 0.7.1 | 112.00 | NOTE | |||
r-oldrel-macos-x86_64 | 0.7.1 | 132.00 | NOTE | |||
r-oldrel-windows-x86_64 | 0.7.1 | 139.00 | 214.00 | 353.00 | OK |
Version: 0.7.1
Check: installed package size
Result: NOTE
installed size is 8.4Mb
sub-directories of 1Mb or more:
libs 8.0Mb
Flavors: r-release-macos-arm64, r-release-macos-x86_64, r-oldrel-macos-arm64, r-oldrel-macos-x86_64