CRAN Package Check Results for Package oii

Last updated on 2025-11-24 11:50:13 CET.

Flavor Version Tinstall Tcheck Ttotal Status Flags
r-devel-linux-x86_64-debian-clang 1.0.2.1 2.19 30.53 32.72 OK
r-devel-linux-x86_64-debian-gcc 1.0.2.1 1.48 23.80 25.28 OK
r-devel-linux-x86_64-fedora-clang 1.0.2.1 48.86 OK
r-devel-linux-x86_64-fedora-gcc 1.0.2.1 48.42 OK
r-devel-windows-x86_64 1.0.2.1 10.00 48.00 58.00 OK
r-patched-linux-x86_64 1.0.2.1 1.71 28.96 30.67 OK
r-release-linux-x86_64 1.0.2.1 1.75 28.70 30.45 OK
r-release-macos-arm64 1.0.2.1 OK
r-release-macos-x86_64 1.0.2.1 2.00 30.00 32.00 OK
r-release-windows-x86_64 1.0.2.1 5.00 51.00 56.00 OK
r-oldrel-macos-arm64 1.0.2.1 NOTE
r-oldrel-macos-x86_64 1.0.2.1 2.00 23.00 25.00 NOTE
r-oldrel-windows-x86_64 1.0.2.1 6.00 57.00 63.00 NOTE

Check Details

Version: 1.0.2.1
Check: LazyData
Result: NOTE 'LazyData' is specified without a 'data' directory Flavors: r-oldrel-macos-arm64, r-oldrel-macos-x86_64, r-oldrel-windows-x86_64

mirror server hosted at Truenetwork, Russian Federation.