CRAN Package Check Results for Package ollggamma

Last updated on 2025-07-13 00:48:34 CEST.

Flavor Version Tinstall Tcheck Ttotal Status Flags
r-devel-linux-x86_64-debian-clang 1.0.2 1.55 20.74 22.29 NOTE
r-devel-linux-x86_64-debian-gcc 1.0.2 1.33 17.73 19.06 NOTE
r-devel-linux-x86_64-fedora-clang 1.0.2 36.06 OK
r-devel-linux-x86_64-fedora-gcc 1.0.2 33.50 OK
r-devel-windows-x86_64 1.0.2 2.00 48.00 50.00 OK
r-patched-linux-x86_64 1.0.2 1.47 19.62 21.09 OK
r-release-linux-x86_64 1.0.2 1.51 19.44 20.95 OK
r-release-macos-arm64 1.0.2 16.00 OK
r-release-macos-x86_64 1.0.2 28.00 OK
r-release-windows-x86_64 1.0.2 2.00 49.00 51.00 OK
r-oldrel-macos-arm64 1.0.2 16.00 NOTE
r-oldrel-macos-x86_64 1.0.2 23.00 NOTE
r-oldrel-windows-x86_64 1.0.2 2.00 49.00 51.00 NOTE

Check Details

Version: 1.0.2
Check: CRAN incoming feasibility
Result: NOTE Maintainer: ‘Matheus H. J. Saldanha <mhjsaldanha@gmail.com>’ The BugReports field in DESCRIPTION has https://github.com/matheushjs/ollggamma which should likely be https://github.com/matheushjs/ollggamma/issues instead. Flavors: r-devel-linux-x86_64-debian-clang, r-devel-linux-x86_64-debian-gcc

Version: 1.0.2
Check: LazyData
Result: NOTE 'LazyData' is specified without a 'data' directory Flavors: r-oldrel-macos-arm64, r-oldrel-macos-x86_64, r-oldrel-windows-x86_64

mirror server hosted at Truenetwork, Russian Federation.