Last updated on 2025-02-22 11:51:36 CET.
Flavor | Version | Tinstall | Tcheck | Ttotal | Status | Flags |
---|---|---|---|---|---|---|
r-devel-linux-x86_64-debian-clang | 0.1-5 | 8.52 | 76.51 | 85.03 | NOTE | |
r-devel-linux-x86_64-debian-gcc | 0.1-5 | 7.21 | 57.08 | 64.29 | NOTE | |
r-devel-linux-x86_64-fedora-clang | 0.1-5 | 135.81 | OK | |||
r-devel-linux-x86_64-fedora-gcc | 0.1-5 | 130.43 | OK | |||
r-devel-macos-arm64 | 0.1-5 | 38.00 | OK | |||
r-devel-macos-x86_64 | 0.1-5 | 84.00 | OK | |||
r-devel-windows-x86_64 | 0.1-5 | 10.00 | 86.00 | 96.00 | NOTE | |
r-patched-linux-x86_64 | 0.1-5 | 11.37 | 70.95 | 82.32 | OK | |
r-release-linux-x86_64 | 0.1-5 | 8.28 | 71.05 | 79.33 | OK | |
r-release-macos-arm64 | 0.1-5 | 39.00 | OK | |||
r-release-macos-x86_64 | 0.1-5 | 56.00 | OK | |||
r-release-windows-x86_64 | 0.1-5 | 9.00 | 85.00 | 94.00 | OK | |
r-oldrel-macos-arm64 | 0.1-5 | 43.00 | OK | |||
r-oldrel-macos-x86_64 | 0.1-5 | 70.00 | OK | |||
r-oldrel-windows-x86_64 | 0.1-5 | 12.00 | 101.00 | 113.00 | OK |
Version: 0.1-5
Check: Rd cross-references
Result: NOTE
Found the following Rd file(s) with Rd \link{} targets missing package
anchors:
mlmer.Rd: lmer
ranef.ranks.Rd: lmer
var.components.Rd: lmer
Please provide package anchors for all Rd \link{} targets not in the
package itself and the base packages.
Flavors: r-devel-linux-x86_64-debian-clang, r-devel-linux-x86_64-debian-gcc, r-devel-windows-x86_64