Last updated on 2025-11-03 05:50:49 CET.
| Flavor | Version | Tinstall | Tcheck | Ttotal | Status | Flags |
|---|---|---|---|---|---|---|
| r-devel-linux-x86_64-debian-clang | 1.2.0 | 10.20 | 245.64 | 255.84 | OK | |
| r-devel-linux-x86_64-debian-gcc | 1.2.0 | 6.80 | 164.53 | 171.33 | OK | |
| r-devel-linux-x86_64-fedora-clang | 1.2.0 | 20.00 | 368.52 | 388.52 | OK | |
| r-devel-linux-x86_64-fedora-gcc | 1.2.0 | 23.00 | 388.59 | 411.59 | OK | |
| r-devel-windows-x86_64 | 1.2.0 | 55.00 | 328.00 | 383.00 | OK | |
| r-patched-linux-x86_64 | 1.2.0 | 10.77 | 238.07 | 248.84 | OK | |
| r-release-linux-x86_64 | 1.2.0 | 10.09 | 237.95 | 248.04 | OK | |
| r-release-macos-arm64 | 1.2.0 | 18.00 | 129.00 | 147.00 | OK | |
| r-release-macos-x86_64 | 1.2.0 | 50.00 | 288.00 | 338.00 | OK | |
| r-release-windows-x86_64 | 1.2.0 | 59.00 | 342.00 | 401.00 | OK | |
| r-oldrel-macos-arm64 | 1.2.0 | 17.00 | 132.00 | 149.00 | NOTE | |
| r-oldrel-macos-x86_64 | 1.2.0 | 53.00 | 317.00 | 370.00 | NOTE | |
| r-oldrel-windows-x86_64 | 1.2.0 | 73.00 | 429.00 | 502.00 | NOTE |
Version: 1.2.0
Check: installed package size
Result: NOTE
installed size is 5.3Mb
sub-directories of 1Mb or more:
doc 4.9Mb
Flavors: r-oldrel-macos-arm64, r-oldrel-macos-x86_64, r-oldrel-windows-x86_64