Last updated on 2025-11-03 23:50:26 CET.
| Flavor | Version | Tinstall | Tcheck | Ttotal | Status | Flags | 
|---|---|---|---|---|---|---|
| r-devel-linux-x86_64-debian-clang | 0.1.2 | 1.86 | 19.33 | 21.19 | NOTE | |
| r-devel-linux-x86_64-debian-gcc | 0.1.2 | 1.48 | 15.94 | 17.42 | NOTE | |
| r-devel-linux-x86_64-fedora-clang | 0.1.2 | 31.57 | OK | |||
| r-devel-linux-x86_64-fedora-gcc | 0.1.2 | 29.92 | OK | |||
| r-devel-windows-x86_64 | 0.1.2 | 4.00 | 37.00 | 41.00 | OK | |
| r-patched-linux-x86_64 | 0.1.2 | 2.13 | 18.39 | 20.52 | OK | |
| r-release-linux-x86_64 | 0.1.2 | 1.76 | 18.20 | 19.96 | OK | |
| r-release-macos-arm64 | 0.1.2 | 1.00 | 13.00 | 14.00 | OK | |
| r-release-macos-x86_64 | 0.1.2 | 2.00 | 21.00 | 23.00 | OK | |
| r-release-windows-x86_64 | 0.1.2 | 4.00 | 37.00 | 41.00 | OK | |
| r-oldrel-macos-arm64 | 0.1.2 | 1.00 | 14.00 | 15.00 | OK | |
| r-oldrel-macos-x86_64 | 0.1.2 | 2.00 | 16.00 | 18.00 | OK | |
| r-oldrel-windows-x86_64 | 0.1.2 | 3.00 | 38.00 | 41.00 | OK | 
Version: 0.1.2
Check: CRAN incoming feasibility
Result: NOTE
  Maintainer: ‘Vithor Rosa Franco <vithorfranco@gmail.com>’
  
  No Authors@R field in DESCRIPTION.
  Please add one, modifying
    Authors@R: person(given = c("Vithor", "Rosa"),
                      family = "Franco",
                      role = c("aut", "cre"),
                      email = "vithorfranco@gmail.com")
  as necessary.
  
  The Description field contains
    Ruder (2016) <arXiv:1609.04747v2>. Currently, the Steepest 2-Groups
  Please refer to arXiv e-prints via their arXiv DOI <doi:10.48550/arXiv.YYMM.NNNNN>.
Flavors: r-devel-linux-x86_64-debian-clang, r-devel-linux-x86_64-debian-gcc