Last updated on 2025-05-09 18:50:21 CEST.
Flavor | Version | Tinstall | Tcheck | Ttotal | Status | Flags |
---|---|---|---|---|---|---|
r-devel-linux-x86_64-debian-clang | 1.0-9 | 12.48 | 32.08 | 44.56 | NOTE | |
r-devel-linux-x86_64-debian-gcc | 1.0-9 | 9.27 | 24.53 | 33.80 | NOTE | |
r-devel-linux-x86_64-fedora-clang | 1.0-9 | 79.06 | OK | |||
r-devel-linux-x86_64-fedora-gcc | 1.0-9 | 88.86 | OK | |||
r-devel-windows-x86_64 | 1.0-9 | 16.00 | 67.00 | 83.00 | OK | |
r-patched-linux-x86_64 | 1.0-9 | 12.88 | 30.66 | 43.54 | OK | |
r-release-linux-x86_64 | 1.0-9 | 12.60 | 30.36 | 42.96 | OK | |
r-release-macos-arm64 | 1.0-9 | 30.00 | OK | |||
r-release-macos-x86_64 | 1.0-9 | 53.00 | OK | |||
r-release-windows-x86_64 | 1.0-9 | 16.00 | 71.00 | 87.00 | OK | |
r-oldrel-macos-arm64 | 1.0-9 | 28.00 | OK | |||
r-oldrel-macos-x86_64 | 1.0-9 | 50.00 | OK | |||
r-oldrel-windows-x86_64 | 1.0-9 | 15.00 | 79.00 | 94.00 | OK |
Version: 1.0-9
Check: CRAN incoming feasibility
Result: NOTE
Maintainer: ‘Kai Husmann <kai.husmann@uni-goettingen.de>’
Package CITATION file contains call(s) to old-style citEntry(). Please
use bibentry() instead.
Flavors: r-devel-linux-x86_64-debian-clang, r-devel-linux-x86_64-debian-gcc