Last updated on 2025-11-03 05:50:49 CET.
| Flavor | Version | Tinstall | Tcheck | Ttotal | Status | Flags | 
|---|---|---|---|---|---|---|
| r-devel-linux-x86_64-debian-clang | 1.4.1 | 3.11 | 28.84 | 31.95 | NOTE | |
| r-devel-linux-x86_64-debian-gcc | 1.4.1 | 2.03 | 22.83 | 24.86 | NOTE | |
| r-devel-linux-x86_64-fedora-clang | 1.4.1 | 49.22 | OK | |||
| r-devel-linux-x86_64-fedora-gcc | 1.4.1 | 60.27 | OK | |||
| r-devel-windows-x86_64 | 1.4.1 | 4.00 | 51.00 | 55.00 | OK | |
| r-patched-linux-x86_64 | 1.4.1 | 3.00 | 27.14 | 30.14 | OK | |
| r-release-linux-x86_64 | 1.4.1 | 2.79 | 27.27 | 30.06 | OK | |
| r-release-macos-arm64 | 1.4.1 | 2.00 | 22.00 | 24.00 | OK | |
| r-release-macos-x86_64 | 1.4.1 | 3.00 | 40.00 | 43.00 | OK | |
| r-release-windows-x86_64 | 1.4.1 | 5.00 | 50.00 | 55.00 | OK | |
| r-oldrel-macos-arm64 | 1.4.1 | 2.00 | 23.00 | 25.00 | NOTE | |
| r-oldrel-macos-x86_64 | 1.4.1 | 2.00 | 30.00 | 32.00 | NOTE | |
| r-oldrel-windows-x86_64 | 1.4.1 | 4.00 | 59.00 | 63.00 | NOTE | 
Version: 1.4.1
Check: CRAN incoming feasibility
Result: NOTE
  Maintainer: ‘John T. Buynak <jbuynak94@gmail.com>’
  
  No Authors@R field in DESCRIPTION.
  Please add one, modifying
    Authors@R: person(given = c("John", "T."),
                      family = "Buynak",
                      role = c("aut", "cre"),
                      email = "jbuynak94@gmail.com")
  as necessary.
Flavors: r-devel-linux-x86_64-debian-clang, r-devel-linux-x86_64-debian-gcc
Version: 1.4.1
Check: LazyData
Result: NOTE
    'LazyData' is specified without a 'data' directory
Flavors: r-oldrel-macos-arm64, r-oldrel-macos-x86_64, r-oldrel-windows-x86_64