Last updated on 2024-06-30 00:59:21 CEST.
Flavor | Version | Tinstall | Tcheck | Ttotal | Status | Flags |
---|---|---|---|---|---|---|
r-devel-linux-x86_64-debian-clang | 0.0.2 | 2.52 | 36.38 | 38.90 | OK | |
r-devel-linux-x86_64-debian-gcc | 0.0.2 | 1.82 | 27.59 | 29.41 | OK | |
r-devel-linux-x86_64-fedora-clang | 0.0.2 | 50.77 | NOTE | |||
r-devel-linux-x86_64-fedora-gcc | 0.0.2 | 59.78 | OK | |||
r-devel-windows-x86_64 | 0.0.2 | 3.00 | 49.00 | 52.00 | OK | |
r-patched-linux-x86_64 | 0.0.2 | 2.60 | 34.80 | 37.40 | OK | |
r-release-linux-x86_64 | 0.0.2 | 2.64 | 34.19 | 36.83 | OK | |
r-release-macos-arm64 | 0.0.2 | 24.00 | OK | |||
r-release-macos-x86_64 | 0.0.2 | 33.00 | OK | |||
r-release-windows-x86_64 | 0.0.2 | 5.00 | 49.00 | 54.00 | OK | |
r-oldrel-macos-arm64 | 0.0.2 | 25.00 | OK | |||
r-oldrel-macos-x86_64 | 0.0.2 | 58.00 | OK | |||
r-oldrel-windows-x86_64 | 0.0.2 | 3.00 | 53.00 | 56.00 | OK |
Version: 0.0.2
Check: Rd cross-references
Result: NOTE
Undeclared package ‘tibble’ in Rd xrefs
Flavor: r-devel-linux-x86_64-fedora-clang