Last updated on 2025-11-24 11:50:13 CET.
| Flavor | Version | Tinstall | Tcheck | Ttotal | Status | Flags |
|---|---|---|---|---|---|---|
| r-devel-linux-x86_64-debian-clang | 0.2.9 | 5.08 | 61.11 | 66.19 | NOTE | |
| r-devel-linux-x86_64-debian-gcc | 0.2.9 | 3.48 | 45.44 | 48.92 | NOTE | |
| r-devel-linux-x86_64-fedora-clang | 0.2.9 | 12.00 | 87.02 | 99.02 | OK | |
| r-devel-linux-x86_64-fedora-gcc | 0.2.9 | 13.00 | 100.70 | 113.70 | OK | |
| r-devel-windows-x86_64 | 0.2.9 | 8.00 | 74.00 | 82.00 | OK | |
| r-patched-linux-x86_64 | 0.2.9 | 5.86 | 55.11 | 60.97 | OK | |
| r-release-linux-x86_64 | 0.2.9 | 5.62 | 54.52 | 60.14 | OK | |
| r-release-macos-arm64 | 0.2.9 | OK | ||||
| r-release-macos-x86_64 | 0.2.9 | 5.00 | 70.00 | 75.00 | OK | |
| r-release-windows-x86_64 | 0.2.9 | 8.00 | 67.00 | 75.00 | OK | |
| r-oldrel-macos-arm64 | 0.2.9 | OK | ||||
| r-oldrel-macos-x86_64 | 0.2.9 | 4.00 | 56.00 | 60.00 | OK | |
| r-oldrel-windows-x86_64 | 0.2.9 | 10.00 | 89.00 | 99.00 | OK |
Version: 0.2.9
Check: CRAN incoming feasibility
Result: NOTE
Maintainer: ‘Aaron Wolen <aaron@wolen.com>’
Package CITATION file contains call(s) to old-style citEntry(). Please
use bibentry() instead.
Flavors: r-devel-linux-x86_64-debian-clang, r-devel-linux-x86_64-debian-gcc