Last updated on 2025-11-02 17:49:46 CET.
| Flavor | Version | Tinstall | Tcheck | Ttotal | Status | Flags |
|---|---|---|---|---|---|---|
| r-devel-linux-x86_64-debian-clang | 1.9.0 | 3.89 | 29.44 | 33.33 | NOTE | |
| r-devel-linux-x86_64-debian-gcc | 1.9.0 | 2.76 | 22.68 | 25.44 | NOTE | |
| r-devel-linux-x86_64-fedora-clang | 1.9.0 | 47.56 | OK | |||
| r-devel-linux-x86_64-fedora-gcc | 1.9.0 | 46.36 | OK | |||
| r-devel-windows-x86_64 | 1.9.0 | 5.00 | 51.00 | 56.00 | OK | |
| r-patched-linux-x86_64 | 1.9.0 | 4.21 | 27.06 | 31.27 | OK | |
| r-release-linux-x86_64 | 1.9.0 | 3.89 | 26.74 | 30.63 | OK | |
| r-release-macos-arm64 | 1.9.0 | 2.00 | 17.00 | 19.00 | OK | |
| r-release-macos-x86_64 | 1.9.0 | 4.00 | 27.00 | 31.00 | OK | |
| r-release-windows-x86_64 | 1.9.0 | 4.00 | 49.00 | 53.00 | OK | |
| r-oldrel-macos-arm64 | 1.9.0 | 2.00 | 17.00 | 19.00 | OK | |
| r-oldrel-macos-x86_64 | 1.9.0 | 3.00 | 21.00 | 24.00 | OK | |
| r-oldrel-windows-x86_64 | 1.9.0 | 5.00 | 56.00 | 61.00 | OK |
Version: 1.9.0
Check: CRAN incoming feasibility
Result: NOTE
Maintainer: ‘Finlay Campbell <finlaycampbell93@gmail.com>’
Found the following URLs which should use \doi (with the DOI name only):
File ‘zika_girardot_2015.Rd’:
https://doi.org/10.2807/1560-7917.ES.2016.21.28.30283
Flavors: r-devel-linux-x86_64-debian-clang, r-devel-linux-x86_64-debian-gcc