CRAN Package Check Results for Package paintmap

Last updated on 2025-11-03 11:49:48 CET.

Flavor Version Tinstall Tcheck Ttotal Status Flags
r-devel-linux-x86_64-debian-clang 1.0 1.66 18.65 20.31 NOTE
r-devel-linux-x86_64-debian-gcc 1.0 1.38 15.27 16.65 NOTE
r-devel-linux-x86_64-fedora-clang 1.0 29.32 OK
r-devel-linux-x86_64-fedora-gcc 1.0 28.46 OK
r-devel-windows-x86_64 1.0 3.00 35.00 38.00 OK
r-patched-linux-x86_64 1.0 1.75 17.53 19.28 OK
r-release-linux-x86_64 1.0 1.76 17.41 19.17 OK
r-release-macos-arm64 1.0 1.00 12.00 13.00 OK
r-release-macos-x86_64 1.0 2.00 18.00 20.00 OK
r-release-windows-x86_64 1.0 3.00 34.00 37.00 OK
r-oldrel-macos-arm64 1.0 1.00 12.00 13.00 OK
r-oldrel-macos-x86_64 1.0 1.00 17.00 18.00 OK
r-oldrel-windows-x86_64 1.0 3.00 35.00 38.00 OK

Check Details

Version: 1.0
Check: CRAN incoming feasibility
Result: NOTE Maintainer: ‘Daniel Greene <dg333@cam.ac.uk>’ No Authors@R field in DESCRIPTION. Please add one, modifying Authors@R: person(given = "Daniel", family = "Greene", role = c("aut", "cre"), email = "dg333@cam.ac.uk") as necessary. Flavors: r-devel-linux-x86_64-debian-clang, r-devel-linux-x86_64-debian-gcc

mirror server hosted at Truenetwork, Russian Federation.