CRAN Package Check Results for Package paramlink

Last updated on 2025-05-17 06:51:14 CEST.

Flavor Version Tinstall Tcheck Ttotal Status Flags
r-devel-linux-x86_64-debian-clang 1.1-5 14.67 102.43 117.10 NOTE
r-devel-linux-x86_64-debian-gcc 1.1-5 7.92 69.48 77.40 NOTE
r-devel-linux-x86_64-fedora-clang 1.1-5 186.07 OK
r-devel-linux-x86_64-fedora-gcc 1.1-5 173.50 OK
r-devel-windows-x86_64 1.1-5 16.00 120.00 136.00 NOTE
r-patched-linux-x86_64 1.1-5 13.76 95.50 109.26 NOTE
r-release-linux-x86_64 1.1-5 15.24 96.16 111.40 NOTE
r-release-macos-arm64 1.1-5 49.00 OK
r-release-macos-x86_64 1.1-5 119.00 OK
r-release-windows-x86_64 1.1-5 15.00 119.00 134.00 NOTE
r-oldrel-macos-arm64 1.1-5 49.00 OK
r-oldrel-macos-x86_64 1.1-5 97.00 OK
r-oldrel-windows-x86_64 1.1-5 20.00 149.00 169.00 OK

Check Details

Version: 1.1-5
Check: Rd cross-references
Result: NOTE Found the following Rd file(s) with Rd \link{} targets missing package anchors: plot.linkdat.Rd: plot.pedigree Please provide package anchors for all Rd \link{} targets not in the package itself and the base packages. Flavors: r-devel-linux-x86_64-debian-clang, r-devel-linux-x86_64-debian-gcc, r-devel-windows-x86_64, r-patched-linux-x86_64, r-release-linux-x86_64, r-release-windows-x86_64

mirror server hosted at Truenetwork, Russian Federation.