CRAN Package Check Results for Package pasadr

Last updated on 2025-05-24 12:49:24 CEST.

Flavor Version Tinstall Tcheck Ttotal Status Flags
r-devel-linux-x86_64-debian-clang 1.0 3.55 33.56 37.11 NOTE
r-devel-linux-x86_64-debian-gcc 1.0 2.71 25.64 28.35 NOTE
r-devel-linux-x86_64-fedora-clang 1.0 59.28 OK
r-devel-linux-x86_64-fedora-gcc 1.0 56.59 OK
r-devel-windows-x86_64 1.0 6.00 87.00 93.00 OK
r-patched-linux-x86_64 1.0 3.85 32.38 36.23 OK
r-release-linux-x86_64 1.0 3.78 32.52 36.30 OK
r-release-macos-arm64 1.0 24.00 OK
r-release-macos-x86_64 1.0 48.00 OK
r-release-windows-x86_64 1.0 6.00 58.00 64.00 OK
r-oldrel-macos-arm64 1.0 23.00 OK
r-oldrel-macos-x86_64 1.0 44.00 OK
r-oldrel-windows-x86_64 1.0 6.00 66.00 72.00 OK

Check Details

Version: 1.0
Check: CRAN incoming feasibility
Result: NOTE Maintainer: ‘Donghwan Kim <donhkim9714@korea.ac.kr>’ No Authors@R field in DESCRIPTION. Please add one, modifying Authors@R: person(given = "Donghwan", family = "Kim", role = c("aut", "cre"), email = "donhkim9714@korea.ac.kr") as necessary. Flavors: r-devel-linux-x86_64-debian-clang, r-devel-linux-x86_64-debian-gcc

mirror server hosted at Truenetwork, Russian Federation.